Last updated on 2025-07-17 03:51:24 CEST.
Flavor | Version | Tinstall | Tcheck | Ttotal | Status | Flags |
---|---|---|---|---|---|---|
r-devel-linux-x86_64-debian-clang | 1.10.3 | 10.26 | 94.75 | 105.01 | NOTE | |
r-devel-linux-x86_64-debian-gcc | 1.10.3 | 7.01 | 64.56 | 71.57 | NOTE | |
r-devel-linux-x86_64-fedora-clang | 1.10.3 | 172.57 | OK | |||
r-devel-linux-x86_64-fedora-gcc | 1.10.3 | 161.42 | OK | |||
r-devel-windows-x86_64 | 1.10.3 | 13.00 | 102.00 | 115.00 | OK | |
r-patched-linux-x86_64 | 1.10.3 | 11.53 | 89.92 | 101.45 | OK | |
r-release-linux-x86_64 | 1.10.3 | 10.71 | 89.15 | 99.86 | OK | |
r-release-macos-arm64 | 1.10.3 | 43.00 | OK | |||
r-release-macos-x86_64 | 1.10.3 | 81.00 | OK | |||
r-release-windows-x86_64 | 1.10.3 | 13.00 | 104.00 | 117.00 | OK | |
r-oldrel-macos-arm64 | 1.10.3 | 41.00 | OK | |||
r-oldrel-macos-x86_64 | 1.10.3 | 63.00 | OK | |||
r-oldrel-windows-x86_64 | 1.10.3 | 16.00 | 127.00 | 143.00 | OK |
Version: 1.10.3
Check: CRAN incoming feasibility
Result: NOTE
Maintainer: ‘Alexander Kowarik <alexander.kowarik@statistik.gv.at>’
No Authors@R field in DESCRIPTION.
Please add one, modifying
Authors@R: c(person(given = "Alexander",
family = "Kowarik",
role = c("aut", "cre"),
email = "alexander.kowarik@statistik.gv.at"),
person(given = "Angelika",
family = "Meraner",
role = "aut"))
as necessary.
Package CITATION file contains call(s) to old-style personList() or
as.personList(). Please use c() on person objects instead.
Package CITATION file contains call(s) to old-style citEntry(). Please
use bibentry() instead.
Flavors: r-devel-linux-x86_64-debian-clang, r-devel-linux-x86_64-debian-gcc