CRAN Package Check Results for Package smmR

Last updated on 2025-11-08 03:49:19 CET.

Flavor Version Tinstall Tcheck Ttotal Status Flags
r-devel-linux-x86_64-debian-clang 1.0.3 40.08 90.66 130.74 WARN
r-devel-linux-x86_64-debian-gcc 1.0.3 26.78 63.46 90.24 WARN
r-devel-linux-x86_64-fedora-clang 1.0.5 28.00 89.28 117.28 OK
r-devel-linux-x86_64-fedora-gcc 1.0.5 31.00 92.44 123.44 OK
r-devel-windows-x86_64 1.0.3 51.00 120.00 171.00 NOTE
r-patched-linux-x86_64 1.0.3 43.10 82.16 125.26 NOTE
r-release-linux-x86_64 1.0.3 39.43 83.04 122.47 NOTE
r-release-macos-arm64 1.0.5 18.00 60.00 78.00 OK
r-release-macos-x86_64 1.0.5 36.00 93.00 129.00 OK
r-release-windows-x86_64 1.0.5 48.00 126.00 174.00 OK
r-oldrel-macos-arm64 1.0.5 19.00 58.00 77.00 NOTE
r-oldrel-macos-x86_64 1.0.5 31.00 96.00 127.00 NOTE
r-oldrel-windows-x86_64 1.0.5 58.00 160.00 218.00 OK

Check Details

Version: 1.0.3
Check: whether package can be installed
Result: WARN Found the following significant warnings: /home/hornik/tmp/R.check/r-devel-clang/Work/build/Packages/RcppArmadillo/include/RcppArmadillo/version/arma.h:66:17: warning: Using fallback compilation with Armadillo 14.6.3. Please consider defining -DARMA_USE_CURRENT and also removing C++11 compilation directive. See GitHub issue #475 for more. [-W#pragma-messages] See ‘/home/hornik/tmp/R.check/r-devel-clang/Work/PKGS/smmR.Rcheck/00install.out’ for details. * used C++ compiler: ‘Debian clang version 19.1.7 (7)’ Flavor: r-devel-linux-x86_64-debian-clang

Version: 1.0.3
Check: C++ specification
Result: NOTE Specified C++11: please drop specification unless essential Flavors: r-devel-linux-x86_64-debian-clang, r-devel-linux-x86_64-debian-gcc, r-devel-windows-x86_64, r-patched-linux-x86_64, r-release-linux-x86_64

Version: 1.0.3
Check: Rd files
Result: NOTE checkRd: (-1) getKernel.Rd:25-26: Lost braces in \itemize; \value handles \item{}{} directly checkRd: (-1) getKernel.Rd:27-28: Lost braces in \itemize; \value handles \item{}{} directly Flavors: r-devel-linux-x86_64-debian-clang, r-devel-linux-x86_64-debian-gcc, r-devel-windows-x86_64, r-patched-linux-x86_64, r-release-linux-x86_64

Version: 1.0.3
Check: whether package can be installed
Result: WARN Found the following significant warnings: /home/hornik/tmp/R.check/r-devel-gcc/Work/build/Packages/RcppArmadillo/include/RcppArmadillo/version/arma.h:66:199: note: ‘#pragma message: Using fallback compilation with Armadillo 14.6.3. Please consider defining -DARMA_USE_CURRENT and also removing C++11 compilation directive. See GitHub issue #475 for more.’ See ‘/home/hornik/tmp/R.check/r-devel-gcc/Work/PKGS/smmR.Rcheck/00install.out’ for details. * used C++ compiler: ‘g++-15 (Debian 15.2.0-7) 15.2.0’ Flavor: r-devel-linux-x86_64-debian-gcc

Version: 1.0.5
Check: installed package size
Result: NOTE installed size is 5.2Mb sub-directories of 1Mb or more: libs 4.3Mb Flavors: r-oldrel-macos-arm64, r-oldrel-macos-x86_64