Last updated on 2025-07-05 03:48:49 CEST.
Flavor | Version | Tinstall | Tcheck | Ttotal | Status | Flags |
---|---|---|---|---|---|---|
r-devel-linux-x86_64-debian-clang | 0.2.0 | 8.64 | 61.20 | 69.84 | OK | |
r-devel-linux-x86_64-debian-gcc | 0.2.0 | 5.95 | 44.18 | 50.13 | OK | |
r-devel-linux-x86_64-fedora-clang | 0.2.0 | 105.55 | OK | |||
r-devel-linux-x86_64-fedora-gcc | 0.2.0 | 98.43 | OK | |||
r-devel-windows-x86_64 | 0.2.0 | 9.00 | 71.00 | 80.00 | OK | |
r-patched-linux-x86_64 | 0.2.0 | 7.85 | 55.79 | 63.64 | OK | |
r-release-linux-x86_64 | 0.2.0 | 7.78 | 56.09 | 63.87 | OK | |
r-release-macos-arm64 | 0.2.0 | 34.00 | OK | |||
r-release-macos-x86_64 | 0.2.0 | 52.00 | OK | |||
r-release-windows-x86_64 | 0.2.0 | 9.00 | 70.00 | 79.00 | OK | |
r-oldrel-macos-arm64 | 0.2.0 | 30.00 | NOTE | |||
r-oldrel-macos-x86_64 | 0.2.0 | 45.00 | NOTE | |||
r-oldrel-windows-x86_64 | 0.2.0 | 13.00 | 87.00 | 100.00 | NOTE |
Version: 0.2.0
Check: LazyData
Result: NOTE
'LazyData' is specified without a 'data' directory
Flavors: r-oldrel-macos-arm64, r-oldrel-macos-x86_64, r-oldrel-windows-x86_64