Last updated on 2025-07-05 03:48:48 CEST.
Flavor | Version | Tinstall | Tcheck | Ttotal | Status | Flags |
---|---|---|---|---|---|---|
r-devel-linux-x86_64-debian-clang | 0.33.0 | 68.72 | 165.61 | 234.33 | OK | |
r-devel-linux-x86_64-debian-gcc | 0.33.0 | 45.31 | 110.42 | 155.73 | OK | |
r-devel-linux-x86_64-fedora-clang | 0.33.0 | 376.60 | OK | |||
r-devel-linux-x86_64-fedora-gcc | 0.33.0 | 376.51 | OK | |||
r-devel-windows-x86_64 | 0.33.0 | 82.00 | 179.00 | 261.00 | OK | |
r-patched-linux-x86_64 | 0.33.0 | 67.12 | 150.31 | 217.43 | OK | |
r-release-linux-x86_64 | 0.33.0 | 66.82 | 153.10 | 219.92 | OK | |
r-release-macos-arm64 | 0.32.7 | 86.00 | OK | |||
r-release-macos-x86_64 | 0.33.0 | 189.00 | OK | |||
r-release-windows-x86_64 | 0.33.0 | 78.00 | 180.00 | 258.00 | OK | |
r-oldrel-macos-arm64 | 0.32.7 | 165.00 | NOTE | |||
r-oldrel-macos-x86_64 | 0.33.0 | 147.00 | NOTE | |||
r-oldrel-windows-x86_64 | 0.33.0 | 100.00 | 230.00 | 330.00 | OK |
Version: 0.32.7
Check: installed package size
Result: NOTE
installed size is 8.1Mb
sub-directories of 1Mb or more:
R 2.1Mb
libs 5.7Mb
Flavor: r-oldrel-macos-arm64
Version: 0.33.0
Check: installed package size
Result: NOTE
installed size is 7.9Mb
sub-directories of 1Mb or more:
R 2.0Mb
libs 5.5Mb
Flavor: r-oldrel-macos-x86_64