Last updated on 2025-11-04 03:51:04 CET.
| Flavor | Version | Tinstall | Tcheck | Ttotal | Status | Flags | 
|---|---|---|---|---|---|---|
| r-devel-linux-x86_64-debian-clang | 0.1.1 | 7.39 | 456.77 | 464.16 | NOTE | |
| r-devel-linux-x86_64-debian-gcc | 0.1.1 | 4.46 | 250.18 | 254.64 | ERROR | |
| r-devel-linux-x86_64-fedora-clang | 0.1.1 | 14.00 | 719.26 | 733.26 | OK | |
| r-devel-linux-x86_64-fedora-gcc | 0.1.1 | 14.00 | 725.77 | 739.77 | OK | |
| r-devel-windows-x86_64 | 0.1.1 | 8.00 | 614.00 | 622.00 | OK | |
| r-patched-linux-x86_64 | 0.1.1 | 7.03 | 446.13 | 453.16 | OK | |
| r-release-linux-x86_64 | 0.1.1 | 5.18 | 443.06 | 448.24 | OK | |
| r-release-macos-arm64 | 0.1.1 | 3.00 | 254.00 | 257.00 | OK | |
| r-release-macos-x86_64 | 0.1.1 | 5.00 | 878.00 | 883.00 | OK | |
| r-release-windows-x86_64 | 0.1.1 | 9.00 | 492.00 | 501.00 | OK | |
| r-oldrel-macos-arm64 | 0.1.1 | 3.00 | 243.00 | 246.00 | OK | |
| r-oldrel-macos-x86_64 | 0.1.1 | 4.00 | 406.00 | 410.00 | OK | |
| r-oldrel-windows-x86_64 | 0.1.1 | 11.00 | 652.00 | 663.00 | OK | 
Version: 0.1.1
Check: CRAN incoming feasibility
Result: NOTE
  Maintainer: ‘Maeve Upton <uptonmaeve010@gmail.com>’
  
  The Description field contains
    et al 2023) <arXiv:2301.09556>, spatio-temporal splines (Upton et al
    2023) <arXiv:2301.09556> and generalised additive models (Upton et al
    2023) <arXiv:2301.09556>.  This package facilitates data loading, model
  Please refer to arXiv e-prints via their arXiv DOI <doi:10.48550/arXiv.YYMM.NNNNN>.
Flavors: r-devel-linux-x86_64-debian-clang, r-devel-linux-x86_64-debian-gcc
Version: 0.1.1
Check: tests
Result: ERROR
    Running ‘testthat.R’ [84s/109s]
  Running the tests in ‘tests/testthat.R’ failed.
  Complete output:
    > # This file is part of the standard setup for testthat.
    > # It is recommended that you do not modify it.
    > #
    > # Where should you do additional test configuration?
    > # Learn more about the roles of various files in:
    > # * https://r-pkgs.org/tests.html
    > # * https://testthat.r-lib.org/reference/test_package.html#special-files
    > 
    > library(testthat)
    > library(reslr)
    > library(vdiffr)
    > 
    > co <- function(expr) capture.output(expr, file = "NUL")
    > 
    > # testthat::test_check("reslr")
    > test_check("reslr")
    module glm loaded
    Compiling model graph
       Resolving undeclared variables
       Allocating nodes
    Graph information:
       Observed stochastic nodes: 52
       Unobserved stochastic nodes: 15
       Total graph size: 915
    
    Initializing model
    
    Compiling model graph
       Resolving undeclared variables
       Allocating nodes
    Graph information:
       Observed stochastic nodes: 52
       Unobserved stochastic nodes: 70
       Total graph size: 3726
    
    Initializing model
    
    No convergence issues detected. 
    Compiling model graph
       Resolving undeclared variables
       Allocating nodes
    Graph information:
       Observed stochastic nodes: 52
       Unobserved stochastic nodes: 15
       Total graph size: 915
    
    Initializing model
    
    Compiling model graph
       Resolving undeclared variables
       Allocating nodes
    Graph information:
       Observed stochastic nodes: 52
       Unobserved stochastic nodes: 70
       Total graph size: 3726
    
    Initializing model
    
    No convergence issues detected. 
    Compiling model graph
       Resolving undeclared variables
       Allocating nodes
    Graph information:
       Observed stochastic nodes: 208
       Unobserved stochastic nodes: 107
       Total graph size: 841
    
    Initializing model
    
    Compiling model graph
       Resolving undeclared variables
       Allocating nodes
    Graph information:
       Observed stochastic nodes: 208
       Unobserved stochastic nodes: 109
       Total graph size: 1273
    
    Initializing model
    
    Compiling model graph
       Resolving undeclared variables
       Allocating nodes
    Graph information:
       Observed stochastic nodes: 208
       Unobserved stochastic nodes: 111
       Total graph size: 1924
    
    Initializing model
    
    Compiling model graph
       Resolving undeclared variables
       Allocating nodes
    Graph information:
       Observed stochastic nodes: 208
       Unobserved stochastic nodes: 110
       Total graph size: 21651
    
    Initializing model
    
    Compiling model graph
       Resolving undeclared variables
       Allocating nodes
    Graph information:
       Observed stochastic nodes: 104
       Unobserved stochastic nodes: 15
       Total graph size: 1799
    
    Initializing model
    
    Compiling model graph
       Resolving undeclared variables
       Allocating nodes
    Graph information:
       Observed stochastic nodes: 104
       Unobserved stochastic nodes: 18
       Total graph size: 3764
    
    Initializing model
    
    Compiling model graph
       Resolving undeclared variables
       Allocating nodes
    Graph information:
       Observed stochastic nodes: 169
       Unobserved stochastic nodes: 90
       Total graph size: 15488
    
    Initializing model
    
    Compiling model graph
       Resolving undeclared variables
       Allocating nodes
    Graph information:
       Observed stochastic nodes: 169
       Unobserved stochastic nodes: 95
       Total graph size: 32273
    
    Initializing model
    
    Adding missing grouping variables: `SiteName`
    Adding missing grouping variables: `SiteName`
    Adding missing grouping variables: `SiteName`
    Adding missing grouping variables: `SiteName`
    Compiling model graph
       Resolving undeclared variables
       Allocating nodes
    Graph information:
       Observed stochastic nodes: 337
       Unobserved stochastic nodes: 49
       Total graph size: 12944
    
    Initializing model
    
    Adding missing grouping variables: `SiteName`
    Adding missing grouping variables: `SiteName`
    Adding missing grouping variables: `SiteName`
    Adding missing grouping variables: `SiteName`
    Compiling model graph
       Resolving undeclared variables
       Allocating nodes
    Graph information:
       Observed stochastic nodes: 337
       Unobserved stochastic nodes: 258
       Total graph size: 166541
    
    Initializing model
    
    Compiling model graph
       Resolving undeclared variables
       Allocating nodes
    Graph information:
       Observed stochastic nodes: 208
       Unobserved stochastic nodes: 107
       Total graph size: 1003
    
    Initializing model
    
    Compiling model graph
       Resolving undeclared variables
       Allocating nodes
    Graph information:
       Observed stochastic nodes: 208
       Unobserved stochastic nodes: 109
       Total graph size: 1651
    
    Initializing model
    
    Compiling model graph
       Resolving undeclared variables
       Allocating nodes
    Graph information:
       Observed stochastic nodes: 208
       Unobserved stochastic nodes: 110
       Total graph size: 390147
    
    Initializing model
    
    Compiling model graph
       Resolving undeclared variables
       Allocating nodes
    Graph information:
       Observed stochastic nodes: 104
       Unobserved stochastic nodes: 15
       Total graph size: 1799
    
    Initializing model
    
    Compiling model graph
       Resolving undeclared variables
       Allocating nodes
    Graph information:
       Observed stochastic nodes: 104
       Unobserved stochastic nodes: 72
       Total graph size: 5330
    
    Initializing model
    
    Compiling model graph
       Resolving undeclared variables
       Allocating nodes
    Graph information:
       Observed stochastic nodes: 169
       Unobserved stochastic nodes: 90
       Total graph size: 15488
    
    Initializing model
    
    Compiling model graph
       Resolving undeclared variables
       Allocating nodes
    Graph information:
       Observed stochastic nodes: 169
       Unobserved stochastic nodes: 197
       Total graph size: 50531
    
    Initializing model
    
    [ FAIL 6 | WARN 7 | SKIP 1 | PASS 53 ]
    
    ══ Skipped tests (1) ═══════════════════════════════════════════════════════════
    • On CRAN (1): 'test-test_plot.reslr_input.R:16:3'
    
    ══ Failed tests ════════════════════════════════════════════════════════════════
    ── Error ('test-reslr_prints.R:111:1'): (code run outside of `test_that()`) ────
    Error in `utils::download.file(url, destfile = temp_file, quiet = TRUE)`: cannot open URL 'https://psmsl.org/data/obtaining/rlr.annual.data/rlr_annual.zip'
    Backtrace:
        ▆
     1. └─reslr::reslr_load(...) at test-reslr_prints.R:111:1
     2.   └─reslr:::clean_tidal_gauge_data(...)
     3.     └─utils::download.file(url, destfile = temp_file, quiet = TRUE)
    ── Error ('test-test_plot.reslr_input.R:20:1'): (code run outside of `test_that()`) ──
    Error in `utils::download.file(url, destfile = temp_file, quiet = TRUE)`: cannot open URL 'https://psmsl.org/data/obtaining/rlr.annual.data/rlr_annual.zip'
    Backtrace:
        ▆
     1. └─reslr::reslr_load(...) at test-test_plot.reslr_input.R:20:1
     2.   └─reslr:::clean_tidal_gauge_data(...)
     3.     └─utils::download.file(url, destfile = temp_file, quiet = TRUE)
    ── Error ('test-test_reslr_load.R:54:3'): Simplest example with closest tide gauge ──
    Error in `utils::download.file(url, destfile = temp_file, quiet = TRUE)`: cannot open URL 'https://psmsl.org/data/obtaining/rlr.annual.data/rlr_annual.zip'
    Backtrace:
        ▆
     1. └─reslr::reslr_load(...) at test-test_reslr_load.R:54:3
     2.   └─reslr:::clean_tidal_gauge_data(...)
     3.     └─utils::download.file(url, destfile = temp_file, quiet = TRUE)
    ── Error ('test-test_reslr_load.R:76:3'): Simplest example with list of tide gauges ──
    Error in `utils::download.file(url, destfile = temp_file, quiet = TRUE)`: cannot open URL 'https://psmsl.org/data/obtaining/rlr.annual.data/rlr_annual.zip'
    Backtrace:
        ▆
     1. └─reslr::reslr_load(...) at test-test_reslr_load.R:76:3
     2.   └─reslr:::clean_tidal_gauge_data(...)
     3.     └─utils::download.file(url, destfile = temp_file, quiet = TRUE)
    ── Error ('test-test_reslr_load.R:98:3'): Simplest example with all tide gauges within 1 degree ──
    Error in `utils::download.file(url, destfile = temp_file, quiet = TRUE)`: cannot open URL 'https://psmsl.org/data/obtaining/rlr.annual.data/rlr_annual.zip'
    Backtrace:
        ▆
     1. └─reslr::reslr_load(...) at test-test_reslr_load.R:98:3
     2.   └─reslr:::clean_tidal_gauge_data(...)
     3.     └─utils::download.file(url, destfile = temp_file, quiet = TRUE)
    ── Error ('test-test_reslr_load.R:142:3'): Simplest example with linear rate and closes tide gauge ──
    Error in `utils::download.file(url, destfile = temp_file, quiet = TRUE)`: cannot open URL 'https://psmsl.org/data/obtaining/rlr.annual.data/rlr_annual.zip'
    Backtrace:
        ▆
     1. └─reslr::reslr_load(...) at test-test_reslr_load.R:142:3
     2.   └─reslr:::clean_tidal_gauge_data(...)
     3.     └─utils::download.file(url, destfile = temp_file, quiet = TRUE)
    
    [ FAIL 6 | WARN 7 | SKIP 1 | PASS 53 ]
    Error: Test failures
    Execution halted
Flavor: r-devel-linux-x86_64-debian-gcc