CRAN Package Check Results for Package regioncode

Last updated on 2025-07-07 03:49:49 CEST.

Flavor Version Tinstall Tcheck Ttotal Status Flags
r-devel-linux-x86_64-debian-clang 0.1.2 4.81 44.27 49.08 NOTE
r-devel-linux-x86_64-debian-gcc 0.2.0 1.91 24.74 26.65 OK
r-devel-linux-x86_64-fedora-clang 0.2.0 52.87 OK
r-devel-linux-x86_64-fedora-gcc 0.2.0 66.22 OK
r-devel-windows-x86_64 0.1.2 7.00 60.00 67.00 NOTE
r-patched-linux-x86_64 0.1.2 4.54 41.26 45.80 NOTE
r-release-linux-x86_64 0.1.2 5.14 41.59 46.73 NOTE
r-release-macos-arm64 0.1.2 36.00 NOTE
r-release-macos-x86_64 0.2.0 91.00 OK
r-release-windows-x86_64 0.1.2 5.00 61.00 66.00 NOTE
r-oldrel-macos-arm64 0.1.2 32.00 OK
r-oldrel-macos-x86_64 0.2.0 97.00 OK
r-oldrel-windows-x86_64 0.2.0 5.00 55.00 60.00 OK

Check Details

Version: 0.1.2
Check: DESCRIPTION meta-information
Result: NOTE Missing dependency on R >= 4.1.0 because package code uses the pipe |> or function shorthand \(...) syntax added in R 4.1.0. File(s) using such syntax: ‘regioncode.R’ Flavors: r-devel-linux-x86_64-debian-clang, r-devel-windows-x86_64, r-patched-linux-x86_64, r-release-linux-x86_64, r-release-macos-arm64, r-release-windows-x86_64