Last updated on 2025-11-04 03:51:03 CET.
| Flavor | Version | Tinstall | Tcheck | Ttotal | Status | Flags | 
|---|---|---|---|---|---|---|
| r-devel-linux-x86_64-debian-clang | 0.17.0 | 77.78 | 91.40 | 169.18 | OK | |
| r-devel-linux-x86_64-debian-gcc | 0.17.0 | 58.57 | 67.81 | 126.38 | OK | |
| r-devel-linux-x86_64-fedora-clang | 0.17.0 | 213.00 | 98.07 | 311.07 | OK | |
| r-devel-linux-x86_64-fedora-gcc | 0.17.0 | 162.00 | 136.14 | 298.14 | OK | |
| r-devel-windows-x86_64 | 0.17.0 | 98.00 | 124.00 | 222.00 | OK | |
| r-patched-linux-x86_64 | 0.17.0 | 89.84 | 87.28 | 177.12 | OK | |
| r-release-linux-x86_64 | 0.17.0 | 88.06 | 87.77 | 175.83 | OK | |
| r-release-macos-arm64 | 0.17.0 | 35.00 | 45.00 | 80.00 | OK | |
| r-release-macos-x86_64 | 0.17.0 | 46.00 | 95.00 | 141.00 | OK | |
| r-release-windows-x86_64 | 0.17.0 | 97.00 | 123.00 | 220.00 | OK | |
| r-oldrel-macos-arm64 | 0.17.0 | 35.00 | 44.00 | 79.00 | NOTE | |
| r-oldrel-macos-x86_64 | 0.17.0 | 39.00 | 96.00 | 135.00 | NOTE | |
| r-oldrel-windows-x86_64 | 0.17.0 | 118.00 | 162.00 | 280.00 | OK | 
Version: 0.17.0
Check: installed package size
Result: NOTE
    installed size is  8.0Mb
    sub-directories of 1Mb or more:
      libs   7.7Mb
Flavors: r-oldrel-macos-arm64, r-oldrel-macos-x86_64