Last updated on 2025-11-07 03:50:48 CET.
| Flavor | Version | Tinstall | Tcheck | Ttotal | Status | Flags |
|---|---|---|---|---|---|---|
| r-devel-linux-x86_64-debian-clang | 2.0.3 | 32.46 | 364.30 | 396.76 | NOTE | |
| r-devel-linux-x86_64-debian-gcc | 2.0.3 | 20.50 | 233.01 | 253.51 | NOTE | |
| r-devel-linux-x86_64-fedora-clang | 2.0.3 | 275.00 | 417.58 | 692.58 | OK | |
| r-devel-linux-x86_64-fedora-gcc | 2.0.3 | 228.00 | 454.87 | 682.87 | OK | |
| r-devel-windows-x86_64 | 2.0.3 | 31.00 | 277.00 | 308.00 | OK | |
| r-patched-linux-x86_64 | 2.0.3 | 31.95 | 338.76 | 370.71 | OK | |
| r-release-linux-x86_64 | 2.0.3 | 27.54 | 342.39 | 369.93 | OK | |
| r-release-macos-arm64 | 2.0.3 | 12.00 | 124.00 | 136.00 | OK | |
| r-release-macos-x86_64 | 2.0.3 | 26.00 | 248.00 | 274.00 | OK | |
| r-release-windows-x86_64 | 2.0.3 | 31.00 | 272.00 | 303.00 | OK | |
| r-oldrel-macos-arm64 | 2.0.3 | 11.00 | 101.00 | 112.00 | OK | |
| r-oldrel-macos-x86_64 | 2.0.3 | 18.00 | 200.00 | 218.00 | OK | |
| r-oldrel-windows-x86_64 | 2.0.3 | 44.00 | 380.00 | 424.00 | OK |
Version: 2.0.3
Check: CRAN incoming feasibility
Result: NOTE
Maintainer: ‘Mihai Valcu <valcu@orn.mpg.de>’
Package CITATION file contains call(s) to old-style personList() or
as.personList(). Please use c() on person objects instead.
Package CITATION file contains call(s) to old-style citEntry(). Please
use bibentry() instead.
Flavors: r-devel-linux-x86_64-debian-clang, r-devel-linux-x86_64-debian-gcc