CRAN Package Check Results for Package palinsol

Last updated on 2025-11-12 03:50:22 CET.

Flavor Version Tinstall Tcheck Ttotal Status Flags
r-devel-linux-x86_64-debian-clang 1.0 3.23 31.95 35.18 NOTE
r-devel-linux-x86_64-debian-gcc 1.0 2.48 23.25 25.73 NOTE
r-devel-linux-x86_64-fedora-clang 1.0 11.00 47.04 58.04 NOTE
r-devel-linux-x86_64-fedora-gcc 1.0 51.41 NOTE
r-devel-windows-x86_64 1.0 4.00 48.00 52.00 NOTE
r-patched-linux-x86_64 1.0 2.70 30.27 32.97 OK
r-release-linux-x86_64 1.0 2.91 30.21 33.12 OK
r-release-macos-arm64 1.0 2.00 18.00 20.00 OK
r-release-macos-x86_64 1.0 4.00 35.00 39.00 OK
r-release-windows-x86_64 1.0 5.00 47.00 52.00 OK
r-oldrel-macos-arm64 1.0 1.00 22.00 23.00 OK
r-oldrel-macos-x86_64 1.0 4.00 28.00 32.00 OK
r-oldrel-windows-x86_64 1.0 6.00 50.00 56.00 OK

Check Details

Version: 1.0
Check: Rd files
Result: NOTE checkRd: (-1) astro.Rd:25-27: Only 2 columns allowed in this table (row 3 has 1) Flavors: r-devel-linux-x86_64-debian-clang, r-devel-linux-x86_64-debian-gcc, r-devel-linux-x86_64-fedora-clang, r-devel-linux-x86_64-fedora-gcc, r-devel-windows-x86_64