Last updated on 2025-11-10 04:49:05 CET.
| Flavor | Version | Tinstall | Tcheck | Ttotal | Status | Flags |
|---|---|---|---|---|---|---|
| r-devel-linux-x86_64-debian-clang | 1.1.6 | 67.10 | 221.22 | 288.32 | OK | |
| r-devel-linux-x86_64-debian-gcc | 1.1.6 | 44.57 | 146.44 | 191.01 | OK | |
| r-devel-linux-x86_64-fedora-clang | 1.1.6 | 147.00 | 307.89 | 454.89 | OK | |
| r-devel-linux-x86_64-fedora-gcc | 1.1.6 | 149.00 | 324.24 | 473.24 | OK | |
| r-devel-windows-x86_64 | 1.1.6 | 58.00 | 287.00 | 345.00 | OK | |
| r-patched-linux-x86_64 | 1.1.6 | 65.84 | 208.24 | 274.08 | OK | |
| r-release-linux-x86_64 | 1.1.6 | 62.23 | 208.48 | 270.71 | OK | |
| r-release-macos-arm64 | 1.1.6 | 34.00 | 230.00 | 264.00 | OK | |
| r-release-macos-x86_64 | 1.1.6 | 60.00 | 236.00 | 296.00 | OK | |
| r-release-windows-x86_64 | 1.1.6 | 61.00 | 284.00 | 345.00 | OK | |
| r-oldrel-macos-arm64 | 1.1.6 | 27.00 | 109.00 | 136.00 | NOTE | |
| r-oldrel-macos-x86_64 | 1.1.6 | 59.00 | 250.00 | 309.00 | NOTE | |
| r-oldrel-windows-x86_64 | 1.1.6 | 87.00 | 374.00 | 461.00 | ERROR |
Version: 1.1.6
Check: installed package size
Result: NOTE
installed size is 5.4Mb
sub-directories of 1Mb or more:
libs 3.5Mb
Flavors: r-oldrel-macos-arm64, r-oldrel-macos-x86_64
Version: 1.1.6
Check: re-building of vignette outputs
Result: ERROR
Error(s) in re-building vignettes:
--- re-building 'basic_usage.Rmd' using rmarkdown
--- finished re-building 'basic_usage.Rmd'
--- re-building 'market_clearing_assessment.Rmd' using rmarkdown
--- finished re-building 'market_clearing_assessment.Rmd'
--- re-building 'model_details.Rmd' using rmarkdown
--- finished re-building 'model_details.Rmd'
--- re-building 'package.Rmd' using rmarkdown
Could not fetch https://doi.org/10.18637/jss.v108.i02
HttpExceptionRequest Request {
host = "doi.org"
port = 443
secure = True
requestHeaders = []
path = "/10.18637/jss.v108.i02"
queryString = ""
method = "GET"
proxy = Nothing
rawBody = False
redirectCount = 10
responseTimeout = ResponseTimeoutDefault
requestVersion = HTTP/1.1
}
(InternalException (HostCannotConnect "www.jstatsoft.org" [Network.Socket.connect: <socket: 820>: failed (Connection refused (WSAECONNREFUSED))]))
Error: processing vignette 'package.Rmd' failed with diagnostics:
pandoc document conversion failed with error 61
--- failed re-building 'package.Rmd'
SUMMARY: processing the following file failed:
'package.Rmd'
Error: Vignette re-building failed.
Execution halted
Flavor: r-oldrel-windows-x86_64