Last updated on 2025-11-04 03:50:53 CET.
| Flavor | Version | Tinstall | Tcheck | Ttotal | Status | Flags | 
|---|---|---|---|---|---|---|
| r-devel-linux-x86_64-debian-clang | 0.6-2 | 59.49 | 209.04 | 268.53 | OK | |
| r-devel-linux-x86_64-debian-gcc | 0.6-2 | 41.25 | 149.04 | 190.29 | OK | |
| r-devel-linux-x86_64-fedora-clang | 0.6-2 | 147.00 | 222.21 | 369.21 | OK | |
| r-devel-linux-x86_64-fedora-gcc | 0.6-2 | 91.00 | 284.22 | 375.22 | OK | |
| r-devel-windows-x86_64 | 0.6-2 | 67.00 | 212.00 | 279.00 | OK | |
| r-patched-linux-x86_64 | 0.6-2 | 60.20 | 227.39 | 287.59 | OK | |
| r-release-linux-x86_64 | 0.6-2 | 62.47 | 212.29 | 274.76 | OK | |
| r-release-macos-arm64 | 0.6-2 | 36.00 | 194.00 | 230.00 | OK | |
| r-release-macos-x86_64 | 0.6-2 | 76.00 | 446.00 | 522.00 | OK | |
| r-release-windows-x86_64 | 0.6-2 | 66.00 | 212.00 | 278.00 | OK | |
| r-oldrel-macos-arm64 | 0.6-2 | 30.00 | 159.00 | 189.00 | NOTE | |
| r-oldrel-macos-x86_64 | 0.6-2 | 86.00 | 438.00 | 524.00 | NOTE | |
| r-oldrel-windows-x86_64 | 0.6-2 | 78.00 | 277.00 | 355.00 | OK | 
Version: 0.6-2
Check: installed package size
Result: NOTE
    installed size is  8.3Mb
    sub-directories of 1Mb or more:
      libs   7.2Mb
Flavors: r-oldrel-macos-arm64, r-oldrel-macos-x86_64