CRAN Package Check Results for Package hextri

Last updated on 2025-11-10 04:49:02 CET.

Flavor Version Tinstall Tcheck Ttotal Status Flags
r-devel-linux-x86_64-debian-clang 0.9.17 2.47 29.36 31.83 NOTE
r-devel-linux-x86_64-debian-gcc 0.9.17 1.92 23.14 25.06 NOTE
r-devel-linux-x86_64-fedora-clang 0.9.17 48.74 OK
r-devel-linux-x86_64-fedora-gcc 0.9.17 68.43 OK
r-devel-windows-x86_64 0.9.17 4.00 47.00 51.00 OK
r-patched-linux-x86_64 0.9.17 2.28 27.77 30.05 OK
r-release-linux-x86_64 0.9.17 2.49 28.13 30.62 OK
r-release-macos-arm64 0.9.17 2.00 24.00 26.00 OK
r-release-macos-x86_64 0.9.17 2.00 53.00 55.00 OK
r-release-windows-x86_64 0.9.17 3.00 46.00 49.00 OK
r-oldrel-macos-arm64 0.9.17 1.00 24.00 25.00 OK
r-oldrel-macos-x86_64 0.9.17 2.00 38.00 40.00 OK
r-oldrel-windows-x86_64 0.9.17 5.00 53.00 58.00 OK

Check Details

Version: 0.9.17
Check: CRAN incoming feasibility
Result: NOTE Maintainer: ‘Thomas Lumley <t.lumley@auckland.ac.nz>’ No Authors@R field in DESCRIPTION. Please add one, modifying Authors@R: person(given = "Thomas", family = "Lumley", role = c("aut", "cre"), email = "t.lumley@auckland.ac.nz", comment = "Jie Fu Yu made a prototype") as necessary. Flavors: r-devel-linux-x86_64-debian-clang, r-devel-linux-x86_64-debian-gcc