Last updated on 2025-11-13 03:51:04 CET.
| Flavor | Version | Tinstall | Tcheck | Ttotal | Status | Flags |
|---|---|---|---|---|---|---|
| r-devel-linux-x86_64-debian-clang | 0.2.2 | 2.11 | 39.60 | 41.71 | OK | |
| r-devel-linux-x86_64-debian-gcc | 0.2.2 | 1.65 | 30.70 | 32.35 | OK | |
| r-devel-linux-x86_64-fedora-clang | 0.2.2 | 63.88 | OK | |||
| r-devel-linux-x86_64-fedora-gcc | 0.2.2 | 70.82 | OK | |||
| r-devel-windows-x86_64 | 0.2.2 | 5.00 | 59.00 | 64.00 | OK | |
| r-patched-linux-x86_64 | 0.2.2 | 2.11 | 32.68 | 34.79 | ERROR | |
| r-release-linux-x86_64 | 0.2.2 | 1.39 | 36.10 | 37.49 | OK | |
| r-release-macos-arm64 | 0.2.2 | 1.00 | 32.00 | 33.00 | OK | |
| r-release-macos-x86_64 | 0.2.2 | 2.00 | 59.00 | 61.00 | OK | |
| r-release-windows-x86_64 | 0.2.2 | 4.00 | 55.00 | 59.00 | OK | |
| r-oldrel-macos-arm64 | 0.2.2 | 1.00 | 39.00 | 40.00 | OK | |
| r-oldrel-macos-x86_64 | 0.2.2 | 2.00 | 65.00 | 67.00 | OK | |
| r-oldrel-windows-x86_64 | 0.2.2 | 5.00 | 68.00 | 73.00 | OK |
Version: 0.2.2
Check: re-building of vignette outputs
Result: ERROR
Error(s) in re-building vignettes:
...
--- re-building ‘healthatlas.Rmd’ using rmarkdown
Quitting from healthatlas.Rmd:147-150 [unnamed-chunk-15]
~~~~~~~~~~~~~~~~~~~~~~~~~~~~~~~~~~~~~~~~~~~~~~~~~~~~~~~~~~~~~~~~~~~~~~~~~~~~~~~~
<error/rlang_error>
Error:
! Cannot open "https://metopio.blob.core.windows.net/lalage/atlas/3/shapes/communityareas.topo.json"; The file doesn't seem to exist.
---
Backtrace:
▆
1. └─healthatlas::ha_layer("neighborhood")
2. ├─base::subset(sf::read_sf(layer_url), select = "id")
3. └─sf::read_sf(layer_url)
4. ├─sf::st_read(...)
5. └─sf:::st_read.default(...)
6. └─sf:::st_read.character(dsn, layer, ...)
7. └─sf:::CPL_read_ogr(...)
~~~~~~~~~~~~~~~~~~~~~~~~~~~~~~~~~~~~~~~~~~~~~~~~~~~~~~~~~~~~~~~~~~~~~~~~~~~~~~~~
Error: processing vignette 'healthatlas.Rmd' failed with diagnostics:
Cannot open "https://metopio.blob.core.windows.net/lalage/atlas/3/shapes/communityareas.topo.json"; The file doesn't seem to exist.
--- failed re-building ‘healthatlas.Rmd’
SUMMARY: processing the following file failed:
‘healthatlas.Rmd’
Error: Vignette re-building failed.
Execution halted
Flavor: r-patched-linux-x86_64