Last updated on 2025-11-07 03:50:39 CET.
| Flavor | Version | Tinstall | Tcheck | Ttotal | Status | Flags |
|---|---|---|---|---|---|---|
| r-devel-linux-x86_64-debian-clang | 1.5.4.8 | 435.84 | 205.14 | 640.98 | OK | |
| r-devel-linux-x86_64-debian-gcc | 1.5.4.8 | 355.24 | 164.91 | 520.15 | OK | |
| r-devel-linux-x86_64-fedora-clang | 1.5.4.8 | 3540.00 | -2347.72 | 1192.28 | NOTE | |
| r-devel-linux-x86_64-fedora-gcc | 1.5.4.8 | 3480.00 | -2150.85 | 1329.15 | NOTE | |
| r-devel-windows-x86_64 | 1.5.4.8 | 515.00 | 216.00 | 731.00 | OK | |
| r-patched-linux-x86_64 | 1.5.4.8 | 509.52 | 227.67 | 737.19 | OK | |
| r-release-linux-x86_64 | 1.5.4.8 | 518.90 | 228.72 | 747.62 | OK | |
| r-release-macos-arm64 | 1.5.4.8 | 169.00 | 68.00 | 237.00 | OK | |
| r-release-macos-x86_64 | 1.5.4.8 | 173.00 | 129.00 | 302.00 | OK | |
| r-release-windows-x86_64 | 1.5.4.8 | 498.00 | 215.00 | 713.00 | OK | |
| r-oldrel-macos-arm64 | 1.5.4.8 | 88.00 | 43.00 | 131.00 | NOTE | |
| r-oldrel-macos-x86_64 | 1.5.4.8 | 74.00 | 74.00 | 148.00 | NOTE | |
| r-oldrel-windows-x86_64 | 1.5.4.8 | 578.00 | 284.00 | 862.00 | NOTE |
Version: 1.5.4.8
Check: dependencies in R code
Result: NOTE
Namespace in Imports field not imported from: ‘rstantools’
All declared Imports should be used.
Flavors: r-devel-linux-x86_64-fedora-clang, r-devel-linux-x86_64-fedora-gcc
Version: 1.5.4.8
Check: installed package size
Result: NOTE
installed size is 67.4Mb
sub-directories of 1Mb or more:
libs 66.2Mb
Flavors: r-oldrel-macos-arm64, r-oldrel-macos-x86_64
Version: 1.5.4.8
Check: for GNU extensions in Makefiles
Result: NOTE
GNU make is a SystemRequirements.
Flavors: r-oldrel-macos-arm64, r-oldrel-macos-x86_64, r-oldrel-windows-x86_64