Last updated on 2025-07-05 03:48:38 CEST.
Flavor | Version | Tinstall | Tcheck | Ttotal | Status | Flags |
---|---|---|---|---|---|---|
r-devel-linux-x86_64-debian-clang | 0.2.1 | 91.54 | 68.02 | 159.56 | OK | |
r-devel-linux-x86_64-debian-gcc | 0.2.1 | 67.43 | 48.69 | 116.12 | OK | |
r-devel-linux-x86_64-fedora-clang | 0.2.1 | 287.16 | OK | |||
r-devel-linux-x86_64-fedora-gcc | 0.2.1 | 300.63 | OK | |||
r-devel-windows-x86_64 | 0.2.1 | 106.00 | 99.00 | 205.00 | OK | |
r-patched-linux-x86_64 | 0.2.1 | 94.16 | 62.22 | 156.38 | OK | |
r-release-linux-x86_64 | 0.2.1 | 90.01 | 62.26 | 152.27 | OK | |
r-release-macos-arm64 | 0.2.1 | 92.00 | OK | |||
r-release-macos-x86_64 | 0.2.1 | 101.00 | OK | |||
r-release-windows-x86_64 | 0.2.1 | 103.00 | 102.00 | 205.00 | OK | |
r-oldrel-macos-arm64 | 0.2.1 | 78.00 | NOTE | |||
r-oldrel-macos-x86_64 | 0.2.1 | 102.00 | NOTE | |||
r-oldrel-windows-x86_64 | 0.2.1 | 124.00 | 124.00 | 248.00 | OK |
Version: 0.2.1
Check: installed package size
Result: NOTE
installed size is 7.4Mb
sub-directories of 1Mb or more:
libs 6.1Mb
Flavors: r-oldrel-macos-arm64, r-oldrel-macos-x86_64