Last updated on 2025-07-05 03:48:36 CEST.
Flavor | Version | Tinstall | Tcheck | Ttotal | Status | Flags |
---|---|---|---|---|---|---|
r-devel-linux-x86_64-debian-clang | 0.1.0 | 4.47 | 38.93 | 43.40 | OK | |
r-devel-linux-x86_64-debian-gcc | 0.1.0 | 4.12 | 28.78 | 32.90 | OK | |
r-devel-linux-x86_64-fedora-clang | 0.1.0 | 67.88 | NOTE | |||
r-devel-linux-x86_64-fedora-gcc | 0.1.0 | 64.18 | NOTE | |||
r-devel-windows-x86_64 | 0.1.0 | 8.00 | 60.00 | 68.00 | OK | |
r-patched-linux-x86_64 | 0.1.0 | 5.53 | 36.56 | 42.09 | OK | |
r-release-linux-x86_64 | 0.1.0 | 5.50 | 36.07 | 41.57 | OK | |
r-release-macos-arm64 | 0.1.0 | 26.00 | OK | |||
r-release-macos-x86_64 | 0.1.0 | 49.00 | OK | |||
r-release-windows-x86_64 | 0.1.0 | 8.00 | 60.00 | 68.00 | OK | |
r-oldrel-macos-arm64 | 0.1.0 | 23.00 | OK | |||
r-oldrel-macos-x86_64 | 0.1.0 | 34.00 | OK | |||
r-oldrel-windows-x86_64 | 0.1.0 | 10.00 | 70.00 | 80.00 | OK |
Version: 0.1.0
Check: dependencies in R code
Result: NOTE
Namespace in Imports field not imported from: ‘tidyverse’
All declared Imports should be used.
Flavors: r-devel-linux-x86_64-fedora-clang, r-devel-linux-x86_64-fedora-gcc