CRAN Package Check Results for Package ecdfHT

Last updated on 2025-07-05 03:48:36 CEST.

Flavor Version Tinstall Tcheck Ttotal Status Flags
r-devel-linux-x86_64-debian-clang 0.1.1 2.41 27.92 30.33 NOTE
r-devel-linux-x86_64-debian-gcc 0.1.1 1.89 21.91 23.80 NOTE
r-devel-linux-x86_64-fedora-clang 0.1.1 47.21 OK
r-devel-linux-x86_64-fedora-gcc 0.1.1 45.64 OK
r-devel-windows-x86_64 0.1.1 4.00 44.00 48.00 OK
r-patched-linux-x86_64 0.1.1 2.48 26.92 29.40 OK
r-release-linux-x86_64 0.1.1 2.33 26.50 28.83 OK
r-release-macos-arm64 0.1.1 21.00 OK
r-release-macos-x86_64 0.1.1 37.00 OK
r-release-windows-x86_64 0.1.1 5.00 44.00 49.00 OK
r-oldrel-macos-arm64 0.1.1 17.00 NOTE
r-oldrel-macos-x86_64 0.1.1 30.00 NOTE
r-oldrel-windows-x86_64 0.1.1 5.00 47.00 52.00 NOTE

Check Details

Version: 0.1.1
Check: CRAN incoming feasibility
Result: NOTE Maintainer: ‘John P Nolan <jpnolan@american.edu>’ No Authors@R field in DESCRIPTION. Please add one, modifying Authors@R: person(given = c("John", "P"), family = "Nolan", role = c("aut", "cre"), email = "jpnolan@american.edu") as necessary. Flavors: r-devel-linux-x86_64-debian-clang, r-devel-linux-x86_64-debian-gcc

Version: 0.1.1
Check: LazyData
Result: NOTE 'LazyData' is specified without a 'data' directory Flavors: r-oldrel-macos-arm64, r-oldrel-macos-x86_64, r-oldrel-windows-x86_64