Last updated on 2025-11-15 03:50:07 CET.
| Flavor | Version | Tinstall | Tcheck | Ttotal | Status | Flags |
|---|---|---|---|---|---|---|
| r-devel-linux-x86_64-debian-clang | 0.2.5 | 3.88 | 66.21 | 70.09 | NOTE | |
| r-devel-linux-x86_64-debian-gcc | 0.2.5 | 2.70 | 50.82 | 53.52 | NOTE | |
| r-devel-linux-x86_64-fedora-clang | 0.2.5 | 10.00 | 106.31 | 116.31 | NOTE | |
| r-devel-linux-x86_64-fedora-gcc | 0.2.5 | 117.22 | NOTE | |||
| r-devel-windows-x86_64 | 0.2.5 | 6.00 | 133.00 | 139.00 | NOTE | |
| r-patched-linux-x86_64 | 0.2.5 | 4.40 | 63.58 | 67.98 | NOTE | |
| r-release-linux-x86_64 | 0.2.5 | 3.95 | 63.28 | 67.23 | NOTE | |
| r-release-macos-arm64 | 0.2.5 | 2.00 | 37.00 | 39.00 | NOTE | |
| r-release-macos-x86_64 | 0.2.5 | 3.00 | 67.00 | 70.00 | NOTE | |
| r-release-windows-x86_64 | 0.2.5 | 6.00 | 132.00 | 138.00 | NOTE | |
| r-oldrel-macos-arm64 | 0.2.5 | 2.00 | 35.00 | 37.00 | NOTE | |
| r-oldrel-macos-x86_64 | 0.2.5 | 3.00 | 54.00 | 57.00 | NOTE | |
| r-oldrel-windows-x86_64 | 0.2.5 | 5.00 | 132.00 | 137.00 | NOTE |
Version: 0.2.5
Check: Rd files
Result: NOTE
checkRd: (-1) barriers.Rd:127: Escaped LaTeX specials: \$
Flavors: r-devel-linux-x86_64-debian-clang, r-devel-linux-x86_64-debian-gcc, r-devel-linux-x86_64-fedora-clang, r-devel-linux-x86_64-fedora-gcc, r-devel-windows-x86_64, r-patched-linux-x86_64, r-release-linux-x86_64, r-release-macos-arm64, r-release-macos-x86_64, r-release-windows-x86_64, r-oldrel-macos-arm64, r-oldrel-macos-x86_64, r-oldrel-windows-x86_64