Last updated on 2025-07-05 03:48:35 CEST.
Flavor | Version | Tinstall | Tcheck | Ttotal | Status | Flags |
---|---|---|---|---|---|---|
r-devel-linux-x86_64-debian-clang | 0.1.6 | 50.07 | 47.88 | 97.95 | NOTE | |
r-devel-linux-x86_64-debian-gcc | 0.1.6 | 31.20 | 34.23 | 65.43 | NOTE | |
r-devel-linux-x86_64-fedora-clang | 0.1.6 | 170.96 | NOTE | |||
r-devel-linux-x86_64-fedora-gcc | 0.1.6 | 152.48 | NOTE | |||
r-devel-windows-x86_64 | 0.1.6 | 50.00 | 81.00 | 131.00 | NOTE | |
r-patched-linux-x86_64 | 0.1.6 | 43.15 | 45.00 | 88.15 | NOTE | |
r-release-linux-x86_64 | 0.1.6 | 42.28 | 45.23 | 87.51 | NOTE | |
r-release-macos-arm64 | 0.1.6 | 39.00 | NOTE | |||
r-release-macos-x86_64 | 0.1.6 | 62.00 | NOTE | |||
r-release-windows-x86_64 | 0.1.6 | 56.00 | 83.00 | 139.00 | NOTE | |
r-oldrel-macos-arm64 | 0.1.6 | 39.00 | NOTE | |||
r-oldrel-macos-x86_64 | 0.1.6 | 53.00 | NOTE | |||
r-oldrel-windows-x86_64 | 0.1.6 | 68.00 | 100.00 | 168.00 | NOTE |
Version: 0.1.6
Check: CRAN incoming feasibility
Result: NOTE
Maintainer: ‘Dominic Edelmann <dominic.edelmann@dkfz-heidelberg.de>’
The Description field contains
<arXiv:1808.07280>. Distance standard deviation methods (Edelmann, et
Please refer to arXiv e-prints via their arXiv DOI <doi:10.48550/arXiv.YYMM.NNNNN>.
Flavors: r-devel-linux-x86_64-debian-clang, r-devel-linux-x86_64-debian-gcc
Version: 0.1.6
Check: C++ specification
Result: NOTE
Specified C++11: please drop specification unless essential
Flavors: r-devel-linux-x86_64-debian-clang, r-devel-linux-x86_64-debian-gcc, r-devel-linux-x86_64-fedora-clang, r-devel-linux-x86_64-fedora-gcc, r-devel-windows-x86_64, r-patched-linux-x86_64, r-release-linux-x86_64, r-release-macos-arm64, r-release-macos-x86_64, r-release-windows-x86_64, r-oldrel-macos-arm64, r-oldrel-macos-x86_64, r-oldrel-windows-x86_64