Last updated on 2025-11-12 03:50:10 CET.
| Flavor | Version | Tinstall | Tcheck | Ttotal | Status | Flags |
|---|---|---|---|---|---|---|
| r-devel-linux-x86_64-debian-clang | 0.1.1 | 8.33 | 40.87 | 49.20 | NOTE | |
| r-devel-linux-x86_64-debian-gcc | 0.1.1 | 6.58 | 30.77 | 37.35 | NOTE | |
| r-devel-linux-x86_64-fedora-clang | 0.1.1 | 28.00 | 49.11 | 77.11 | NOTE | |
| r-devel-linux-x86_64-fedora-gcc | 0.1.1 | 20.00 | 69.80 | 89.80 | NOTE | |
| r-devel-windows-x86_64 | 0.1.1 | 10.00 | 57.00 | 67.00 | NOTE | |
| r-patched-linux-x86_64 | 0.1.1 | 7.76 | 39.66 | 47.42 | NOTE | |
| r-release-linux-x86_64 | 0.1.1 | 7.62 | 39.60 | 47.22 | NOTE | |
| r-release-macos-arm64 | 0.1.1 | 6.00 | 27.00 | 33.00 | NOTE | |
| r-release-macos-x86_64 | 0.1.1 | 10.00 | 52.00 | 62.00 | NOTE | |
| r-release-windows-x86_64 | 0.1.1 | 11.00 | 55.00 | 66.00 | NOTE | |
| r-oldrel-macos-arm64 | 0.1.1 | 6.00 | 30.00 | 36.00 | NOTE | |
| r-oldrel-macos-x86_64 | 0.1.1 | 6.00 | 41.00 | 47.00 | NOTE | |
| r-oldrel-windows-x86_64 | 0.1.1 | 10.00 | 70.00 | 80.00 | NOTE |
Version: 0.1.1
Check: Rd files
Result: NOTE
checkRd: (-1) refAnnots.Rd:10: Lost braces in \itemize; meant \describe ?
checkRd: (-1) refAnnots.Rd:11-12: Lost braces in \itemize; meant \describe ?
checkRd: (-1) untreatedAnnots.Rd:10: Lost braces in \itemize; meant \describe ?
checkRd: (-1) untreatedAnnots.Rd:11-12: Lost braces in \itemize; meant \describe ?
checkRd: (-1) untreatedAnnots.Rd:13-14: Lost braces in \itemize; meant \describe ?
Flavors: r-devel-linux-x86_64-debian-clang, r-devel-linux-x86_64-debian-gcc, r-devel-linux-x86_64-fedora-clang, r-devel-linux-x86_64-fedora-gcc, r-devel-windows-x86_64, r-patched-linux-x86_64, r-release-linux-x86_64, r-release-macos-arm64, r-release-macos-x86_64, r-release-windows-x86_64, r-oldrel-macos-arm64, r-oldrel-macos-x86_64, r-oldrel-windows-x86_64
Version: 0.1.1
Check: installed package size
Result: NOTE
installed size is 7.4Mb
sub-directories of 1Mb or more:
data 7.2Mb
Flavors: r-oldrel-macos-arm64, r-oldrel-macos-x86_64, r-oldrel-windows-x86_64