CRAN Package Check Results for Package akmbiclust

Last updated on 2025-11-26 03:51:50 CET.

Flavor Version Tinstall Tcheck Ttotal Status Flags
r-devel-linux-x86_64-debian-clang 0.1.0 1.61 19.70 21.31 NOTE
r-devel-linux-x86_64-debian-gcc 0.1.0 1.44 15.80 17.24 NOTE
r-devel-linux-x86_64-fedora-clang 0.1.0 31.26 OK
r-devel-linux-x86_64-fedora-gcc 0.1.0 30.25 OK
r-devel-windows-x86_64 0.1.0 2.00 34.00 36.00 OK
r-patched-linux-x86_64 0.1.0 1.61 18.39 20.00 OK
r-release-linux-x86_64 0.1.0 1.47 18.76 20.23 OK
r-release-macos-arm64 0.1.0 OK
r-release-macos-x86_64 0.1.0 3.00 26.00 29.00 OK
r-release-windows-x86_64 0.1.0 3.00 40.00 43.00 OK
r-oldrel-macos-arm64 0.1.0 NOTE
r-oldrel-macos-x86_64 0.1.0 1.00 24.00 25.00 NOTE
r-oldrel-windows-x86_64 0.1.0 3.00 36.00 39.00 NOTE

Check Details

Version: 0.1.0
Check: CRAN incoming feasibility
Result: NOTE Maintainer: ‘Zichao Li <lizichao@live.unc.edu>’ The Description field contains and Li (2020) <arXiv:2009.04550>. Please refer to arXiv e-prints via their arXiv DOI <doi:10.48550/arXiv.YYMM.NNNNN>. Flavors: r-devel-linux-x86_64-debian-clang, r-devel-linux-x86_64-debian-gcc

Version: 0.1.0
Check: LazyData
Result: NOTE 'LazyData' is specified without a 'data' directory Flavors: r-oldrel-macos-arm64, r-oldrel-macos-x86_64, r-oldrel-windows-x86_64