Last updated on 2025-11-11 03:49:06 CET.
| Flavor | Version | Tinstall | Tcheck | Ttotal | Status | Flags |
|---|---|---|---|---|---|---|
| r-devel-linux-x86_64-debian-clang | 2.5.3 | 4.62 | 40.01 | 44.63 | NOTE | |
| r-devel-linux-x86_64-debian-gcc | 2.5.3 | 3.21 | 28.26 | 31.47 | NOTE | |
| r-devel-linux-x86_64-fedora-clang | 2.5.3 | 16.00 | 51.82 | 67.82 | OK | |
| r-devel-linux-x86_64-fedora-gcc | 2.5.3 | 11.00 | 52.49 | 63.49 | OK | |
| r-devel-windows-x86_64 | 2.5.3 | 7.00 | 58.00 | 65.00 | OK | |
| r-patched-linux-x86_64 | 2.5.3 | 4.73 | 37.16 | 41.89 | OK | |
| r-release-linux-x86_64 | 2.5.3 | 3.94 | 36.74 | 40.68 | OK | |
| r-release-macos-arm64 | 2.5.3 | 3.00 | 19.00 | 22.00 | OK | |
| r-release-macos-x86_64 | 2.5.3 | 5.00 | 34.00 | 39.00 | OK | |
| r-release-windows-x86_64 | 2.5.3 | 7.00 | 59.00 | 66.00 | OK | |
| r-oldrel-macos-arm64 | 2.5.3 | 3.00 | 18.00 | 21.00 | OK | |
| r-oldrel-macos-x86_64 | 2.5.3 | 4.00 | 26.00 | 30.00 | OK | |
| r-oldrel-windows-x86_64 | 2.5.3 | 10.00 | 69.00 | 79.00 | OK |
Version: 2.5.3
Check: CRAN incoming feasibility
Result: NOTE
Maintainer: ‘Hans Kestler <hans.kestler@uni-ulm.de>’
No Authors@R field in DESCRIPTION.
Please add one, modifying
Authors@R: c(person(given = "Christoph",
family = "Müssel",
role = "aut"),
person(given = "Ludwig",
family = "Lausser",
role = "aut"),
person(given = "Hans",
family = "Kestler",
role = c("aut", "cre"),
email = "hans.kestler@uni-ulm.de"))
as necessary.
Flavors: r-devel-linux-x86_64-debian-clang, r-devel-linux-x86_64-debian-gcc