Last updated on 2025-11-04 03:51:12 CET.
| Flavor | Version | Tinstall | Tcheck | Ttotal | Status | Flags | 
|---|---|---|---|---|---|---|
| r-devel-linux-x86_64-debian-clang | 2.0 | 55.86 | 62.43 | 118.29 | OK | |
| r-devel-linux-x86_64-debian-gcc | 2.0 | 43.47 | 50.36 | 93.83 | OK | |
| r-devel-linux-x86_64-fedora-clang | 2.0 | 129.00 | 63.71 | 192.71 | OK | |
| r-devel-linux-x86_64-fedora-gcc | 2.0 | 108.00 | 88.81 | 196.81 | OK | |
| r-devel-windows-x86_64 | 2.0 | 64.00 | 155.00 | 219.00 | OK | |
| r-patched-linux-x86_64 | 2.0 | 57.24 | 63.81 | 121.05 | OK | |
| r-release-linux-x86_64 | 2.0 | 59.53 | 64.27 | 123.80 | OK | |
| r-release-macos-arm64 | 2.0 | 22.00 | 24.00 | 46.00 | OK | |
| r-release-macos-x86_64 | 2.0 | 25.00 | 41.00 | 66.00 | OK | |
| r-release-windows-x86_64 | 2.0 | 63.00 | 110.00 | 173.00 | OK | |
| r-oldrel-macos-arm64 | 2.0 | 22.00 | 24.00 | 46.00 | NOTE | |
| r-oldrel-macos-x86_64 | 2.0 | 21.00 | 35.00 | 56.00 | NOTE | |
| r-oldrel-windows-x86_64 | 2.0 | 77.00 | 115.00 | 192.00 | OK | 
Version: 2.0
Check: installed package size
Result: NOTE
    installed size is 16.8Mb
    sub-directories of 1Mb or more:
      data   1.2Mb
      libs  15.4Mb
Flavors: r-oldrel-macos-arm64, r-oldrel-macos-x86_64