Last updated on 2025-11-11 03:49:03 CET.
| Flavor | Version | Tinstall | Tcheck | Ttotal | Status | Flags |
|---|---|---|---|---|---|---|
| r-devel-linux-x86_64-debian-clang | 1.0.0 | 9.95 | 20.72 | 30.67 | NOTE | |
| r-devel-linux-x86_64-debian-gcc | 1.0.0 | 8.84 | 17.42 | 26.26 | NOTE | |
| r-devel-linux-x86_64-fedora-clang | 1.0.0 | 19.00 | 26.78 | 45.78 | OK | |
| r-devel-linux-x86_64-fedora-gcc | 1.0.0 | 23.00 | 23.93 | 46.93 | OK | |
| r-devel-windows-x86_64 | 1.0.0 | 11.00 | 40.00 | 51.00 | OK | |
| r-patched-linux-x86_64 | 1.0.0 | 10.20 | 19.85 | 30.05 | OK | |
| r-release-linux-x86_64 | 1.0.0 | 10.19 | 19.62 | 29.81 | OK | |
| r-release-macos-arm64 | 1.0.0 | 8.00 | 14.00 | 22.00 | OK | |
| r-release-macos-x86_64 | 1.0.0 | 12.00 | 22.00 | 34.00 | OK | |
| r-release-windows-x86_64 | 1.0.0 | 11.00 | 39.00 | 50.00 | OK | |
| r-oldrel-macos-arm64 | 1.0.0 | 7.00 | 15.00 | 22.00 | OK | |
| r-oldrel-macos-x86_64 | 1.0.0 | 8.00 | 20.00 | 28.00 | OK | |
| r-oldrel-windows-x86_64 | 1.0.0 | 14.00 | 43.00 | 57.00 | OK |
Version: 1.0.0
Check: CRAN incoming feasibility
Result: NOTE
Maintainer: ‘Matheus Dalsente Krause <krause.d.matheus@gmail.com>’
Package CITATION file contains call(s) to old-style citEntry(). Please
use bibentry() instead.
Flavors: r-devel-linux-x86_64-debian-clang, r-devel-linux-x86_64-debian-gcc