Last updated on 2025-11-04 03:51:09 CET.
| Flavor | Version | Tinstall | Tcheck | Ttotal | Status | Flags | 
|---|---|---|---|---|---|---|
| r-devel-linux-x86_64-debian-clang | 1.7.2 | 31.02 | 171.16 | 202.18 | NOTE | |
| r-devel-linux-x86_64-debian-gcc | 1.7.2 | 23.99 | 122.73 | 146.72 | NOTE | |
| r-devel-linux-x86_64-fedora-clang | 1.7.2 | 274.00 | 74.45 | 348.45 | OK | |
| r-devel-linux-x86_64-fedora-gcc | 1.7.2 | 77.00 | 228.02 | 305.02 | OK | |
| r-devel-windows-x86_64 | 1.7.2 | 35.00 | 157.00 | 192.00 | OK | |
| r-patched-linux-x86_64 | 1.7.2 | 31.14 | 163.65 | 194.79 | OK | |
| r-release-linux-x86_64 | 1.7.2 | 33.12 | 164.33 | 197.45 | OK | |
| r-release-macos-arm64 | 1.7.2 | 22.00 | 82.00 | 104.00 | OK | |
| r-release-macos-x86_64 | 1.7.2 | 7.00 | ERROR | |||
| r-release-windows-x86_64 | 1.7.2 | 32.00 | 156.00 | 188.00 | OK | |
| r-oldrel-macos-arm64 | 1.7.2 | 18.00 | 72.00 | 90.00 | OK | |
| r-oldrel-macos-x86_64 | 1.7.2 | 35.00 | 139.00 | 174.00 | OK | |
| r-oldrel-windows-x86_64 | 1.7.2 | 45.00 | 216.00 | 261.00 | OK | 
Version: 1.7.2
Check: CRAN incoming feasibility
Result: NOTE
  Maintainer: ‘Fernando Puente-Sánchez <fernando.puente.sanchez@slu.se>’
  
  Found the following (possibly) invalid URLs:
    URL: http://eggnogdb.embl.de/#/app/results?seqid=P0A7G6&target_nogs=COG0468#COG0468_datamenu
      From: man/RecA.Rd
      Message: Invalid URL: '#' not allowed in fragment
Flavors: r-devel-linux-x86_64-debian-clang, r-devel-linux-x86_64-debian-gcc
Version: 1.7.2
Check: package dependencies
Result: ERROR
  Package required but not available: ‘pathview’
  
  See section ‘The DESCRIPTION file’ in the ‘Writing R Extensions’
  manual.
Flavor: r-release-macos-x86_64