Last updated on 2025-11-04 03:51:01 CET.
| Flavor | Version | Tinstall | Tcheck | Ttotal | Status | Flags | 
|---|---|---|---|---|---|---|
| r-devel-linux-x86_64-debian-clang | 0.1.0 | 7.39 | 40.55 | 47.94 | NOTE | |
| r-devel-linux-x86_64-debian-gcc | 0.1.0 | 5.39 | 30.06 | 35.45 | NOTE | |
| r-devel-linux-x86_64-fedora-clang | 0.1.0 | 20.00 | 55.82 | 75.82 | NOTE | |
| r-devel-linux-x86_64-fedora-gcc | 0.1.0 | 20.00 | 65.22 | 85.22 | NOTE | |
| r-devel-windows-x86_64 | 0.1.0 | 11.00 | 59.00 | 70.00 | NOTE | |
| r-patched-linux-x86_64 | 0.1.0 | 7.45 | 37.73 | 45.18 | NOTE | |
| r-release-linux-x86_64 | 0.1.0 | 7.48 | 37.96 | 45.44 | NOTE | |
| r-release-macos-arm64 | 0.1.0 | 5.00 | 38.00 | 43.00 | NOTE | |
| r-release-macos-x86_64 | 0.1.0 | 8.00 | 52.00 | 60.00 | NOTE | |
| r-release-windows-x86_64 | 0.1.0 | 10.00 | 55.00 | 65.00 | NOTE | |
| r-oldrel-macos-arm64 | 0.1.0 | 5.00 | 27.00 | 32.00 | NOTE | |
| r-oldrel-macos-x86_64 | 0.1.0 | 7.00 | 38.00 | 45.00 | NOTE | |
| r-oldrel-windows-x86_64 | 0.1.0 | 12.00 | 65.00 | 77.00 | NOTE | 
Version: 0.1.0
Check: CRAN incoming feasibility
Result: NOTE
  Maintainer: ‘Muhammad Yaseen <myaseen208@gmail.com>’
  
  No Authors@R field in DESCRIPTION.
  Please add one, modifying
    Authors@R: c(person(given = "Muhammad",
                        family = "Yaseen",
                        role = c("aut", "cre"),
                        email = "myaseen208@gmail.com"),
                 person(given = "Muhammad",
                        family = "Usman",
                        role = "ctb"))
  as necessary.
Flavors: r-devel-linux-x86_64-debian-clang, r-devel-linux-x86_64-debian-gcc
Version: 0.1.0
Check: Rd files
Result: NOTE
  checkRd: (-1) PakPMICS2018fs.Rd:308: Lost braces in \enumerate; meant \describe ?
  checkRd: (-1) PakPMICS2018fs.Rd:309: Lost braces in \enumerate; meant \describe ?
Flavors: r-devel-linux-x86_64-debian-clang, r-devel-linux-x86_64-debian-gcc, r-devel-linux-x86_64-fedora-clang, r-devel-linux-x86_64-fedora-gcc, r-devel-windows-x86_64, r-patched-linux-x86_64, r-release-linux-x86_64, r-release-macos-arm64, r-release-macos-x86_64, r-release-windows-x86_64, r-oldrel-macos-arm64, r-oldrel-macos-x86_64, r-oldrel-windows-x86_64