Last updated on 2025-11-04 03:50:57 CET.
| Flavor | Version | Tinstall | Tcheck | Ttotal | Status | Flags | 
|---|---|---|---|---|---|---|
| r-devel-linux-x86_64-debian-clang | 0.2.1 | 7.89 | 57.28 | 65.17 | NOTE | |
| r-devel-linux-x86_64-debian-gcc | 0.2.1 | 4.92 | 39.50 | 44.42 | NOTE | |
| r-devel-linux-x86_64-fedora-clang | 0.2.1 | 34.00 | 76.57 | 110.57 | NOTE | |
| r-devel-linux-x86_64-fedora-gcc | 0.2.1 | 16.00 | 186.55 | 202.55 | NOTE | |
| r-devel-windows-x86_64 | 0.2.1 | 8.00 | 74.00 | 82.00 | NOTE | |
| r-patched-linux-x86_64 | 0.2.1 | 8.03 | 54.63 | 62.66 | NOTE | |
| r-release-linux-x86_64 | 0.2.1 | 7.38 | 54.66 | 62.04 | NOTE | |
| r-release-macos-arm64 | 0.2.1 | 4.00 | 49.00 | 53.00 | NOTE | |
| r-release-macos-x86_64 | 0.2.1 | 7.00 | 102.00 | 109.00 | NOTE | |
| r-release-windows-x86_64 | 0.2.1 | 8.00 | 71.00 | 79.00 | NOTE | |
| r-oldrel-macos-arm64 | 0.2.1 | 3.00 | 43.00 | 46.00 | NOTE | |
| r-oldrel-macos-x86_64 | 0.2.1 | 7.00 | 80.00 | 87.00 | NOTE | |
| r-oldrel-windows-x86_64 | 0.2.1 | 12.00 | 88.00 | 100.00 | NOTE | 
Version: 0.2.1
Check: CRAN incoming feasibility
Result: NOTE
  Maintainer: ‘Juhyun Kim <juhkim111@ucla.edu>’
  
  No Authors@R field in DESCRIPTION.
  Please add one, modifying
    Authors@R: c(person(given = "Yiwen",
                        family = "Zhang",
                        role = "aut",
                        email = "zhangyiwen1015@gmail.com"),
                 person(given = "Hua",
                        family = "Zhou",
                        role = "aut",
                        email = "huazhou@ucla.edu"),
                 person(given = "Juhyun",
                        family = "Kim",
                        role = "cre",
                        email = "juhkim111@ucla.edu"))
  as necessary.
  
  Package CITATION file contains call(s) to old-style personList() or
  as.personList().  Please use c() on person objects instead.
  Package CITATION file contains call(s) to old-style citEntry().  Please
  use bibentry() instead.
Flavors: r-devel-linux-x86_64-debian-clang, r-devel-linux-x86_64-debian-gcc
Version: 0.2.1
Check: Rd files
Result: NOTE
  checkRd: (-1) MGLMfit.Rd:68: Lost braces in \itemize; \value handles \item{}{} directly
  checkRd: (-1) MGLMfit.Rd:69: Lost braces in \itemize; \value handles \item{}{} directly
  checkRd: (-1) MGLMfit.Rd:70: Lost braces in \itemize; \value handles \item{}{} directly
  checkRd: (-1) MGLMfit.Rd:71: Lost braces in \itemize; \value handles \item{}{} directly
  checkRd: (-1) MGLMfit.Rd:72: Lost braces in \itemize; \value handles \item{}{} directly
  checkRd: (-1) MGLMfit.Rd:73: Lost braces in \itemize; \value handles \item{}{} directly
  checkRd: (-1) MGLMfit.Rd:74: Lost braces in \itemize; \value handles \item{}{} directly
  checkRd: (-1) MGLMfit.Rd:75: Lost braces in \itemize; \value handles \item{}{} directly
  checkRd: (-1) MGLMfit.Rd:76: Lost braces in \itemize; \value handles \item{}{} directly
  checkRd: (-1) MGLMfit.Rd:77: Lost braces in \itemize; \value handles \item{}{} directly
  checkRd: (-1) MGLMfit.Rd:78: Lost braces in \itemize; \value handles \item{}{} directly
  checkRd: (-1) MGLMfit.Rd:79: Lost braces in \itemize; \value handles \item{}{} directly
  checkRd: (-1) MGLMreg.Rd:75: Lost braces in \itemize; \value handles \item{}{} directly
  checkRd: (-1) MGLMreg.Rd:76: Lost braces in \itemize; \value handles \item{}{} directly
  checkRd: (-1) MGLMreg.Rd:77: Lost braces in \itemize; \value handles \item{}{} directly
  checkRd: (-1) MGLMreg.Rd:78: Lost braces in \itemize; \value handles \item{}{} directly
  checkRd: (-1) MGLMreg.Rd:79: Lost braces in \itemize; \value handles \item{}{} directly
  checkRd: (-1) MGLMreg.Rd:80: Lost braces in \itemize; \value handles \item{}{} directly
  checkRd: (-1) MGLMreg.Rd:81: Lost braces in \itemize; \value handles \item{}{} directly
  checkRd: (-1) MGLMreg.Rd:82: Lost braces in \itemize; \value handles \item{}{} directly
  checkRd: (-1) MGLMreg.Rd:83: Lost braces in \itemize; \value handles \item{}{} directly
  checkRd: (-1) MGLMreg.Rd:84: Lost braces in \itemize; \value handles \item{}{} directly
  checkRd: (-1) MGLMreg.Rd:85: Lost braces in \itemize; \value handles \item{}{} directly
  checkRd: (-1) MGLMreg.Rd:86: Lost braces in \itemize; \value handles \item{}{} directly
  checkRd: (-1) MGLMreg.Rd:87: Lost braces in \itemize; \value handles \item{}{} directly
  checkRd: (-1) MGLMreg.Rd:88: Lost braces in \itemize; \value handles \item{}{} directly
  checkRd: (-1) MGLMreg.Rd:89: Lost braces in \itemize; \value handles \item{}{} directly
  checkRd: (-1) MGLMreg.Rd:90: Lost braces in \itemize; \value handles \item{}{} directly
  checkRd: (-1) MGLMsparsereg.Rd:96: Lost braces in \itemize; \value handles \item{}{} directly
  checkRd: (-1) MGLMsparsereg.Rd:97: Lost braces in \itemize; \value handles \item{}{} directly
  checkRd: (-1) MGLMsparsereg.Rd:98: Lost braces in \itemize; \value handles \item{}{} directly
  checkRd: (-1) MGLMsparsereg.Rd:99: Lost braces in \itemize; \value handles \item{}{} directly
  checkRd: (-1) MGLMsparsereg.Rd:100: Lost braces in \itemize; \value handles \item{}{} directly
  checkRd: (-1) MGLMsparsereg.Rd:101: Lost braces in \itemize; \value handles \item{}{} directly
  checkRd: (-1) MGLMsparsereg.Rd:102-106: Lost braces in \itemize; \value handles \item{}{} directly
  checkRd: (-1) MGLMsparsereg.Rd:107: Lost braces in \itemize; \value handles \item{}{} directly
  checkRd: (-1) MGLMsparsereg.Rd:108-109: Lost braces in \itemize; \value handles \item{}{} directly
  checkRd: (-1) MGLMsparsereg.Rd:110: Lost braces in \itemize; \value handles \item{}{} directly
  checkRd: (-1) MGLMtune.Rd:64: Lost braces in \itemize; \value handles \item{}{} directly
  checkRd: (-1) MGLMtune.Rd:65: Lost braces in \itemize; \value handles \item{}{} directly
Flavors: r-devel-linux-x86_64-debian-clang, r-devel-linux-x86_64-debian-gcc, r-devel-linux-x86_64-fedora-clang, r-devel-linux-x86_64-fedora-gcc, r-devel-windows-x86_64, r-patched-linux-x86_64, r-release-linux-x86_64, r-release-macos-arm64, r-release-macos-x86_64, r-release-windows-x86_64, r-oldrel-macos-arm64, r-oldrel-macos-x86_64, r-oldrel-windows-x86_64