Last updated on 2025-11-04 03:50:54 CET.
| Flavor | Version | Tinstall | Tcheck | Ttotal | Status | Flags | 
|---|---|---|---|---|---|---|
| r-devel-linux-x86_64-debian-clang | 1.0.0 | 9.41 | 279.91 | 289.32 | OK | |
| r-devel-linux-x86_64-debian-gcc | 1.0.0 | 6.80 | 201.01 | 207.81 | OK | |
| r-devel-linux-x86_64-fedora-clang | 1.0.0 | 43.00 | 432.61 | 475.61 | NOTE | |
| r-devel-linux-x86_64-fedora-gcc | 1.0.0 | 22.00 | 534.19 | 556.19 | NOTE | |
| r-devel-windows-x86_64 | 1.0.0 | 11.00 | 357.00 | 368.00 | OK | |
| r-patched-linux-x86_64 | 1.0.0 | 9.37 | 287.60 | 296.97 | OK | |
| r-release-linux-x86_64 | 1.0.0 | 9.59 | 280.40 | 289.99 | OK | |
| r-release-macos-arm64 | 1.0.0 | 6.00 | 196.00 | 202.00 | OK | |
| r-release-macos-x86_64 | 1.0.0 | 10.00 | 497.00 | 507.00 | OK | |
| r-release-windows-x86_64 | 1.0.0 | 10.00 | 355.00 | 365.00 | OK | |
| r-oldrel-macos-arm64 | 1.0.0 | 3.00 | 161.00 | 164.00 | OK | |
| r-oldrel-macos-x86_64 | 1.0.0 | 5.00 | 276.00 | 281.00 | OK | |
| r-oldrel-windows-x86_64 | 1.0.0 | 12.00 | 459.00 | 471.00 | OK | 
Version: 1.0.0
Check: dependencies in R code
Result: NOTE
  Namespaces in Imports field not imported from:
    ‘lme4’ ‘reshape2’
    All declared Imports should be used.
Flavors: r-devel-linux-x86_64-fedora-clang, r-devel-linux-x86_64-fedora-gcc