Last updated on 2025-11-09 03:49:56 CET.
| Flavor | Version | Tinstall | Tcheck | Ttotal | Status | Flags |
|---|---|---|---|---|---|---|
| r-devel-linux-x86_64-debian-clang | 0.1.4 | 43.68 | 75.87 | 119.55 | OK | |
| r-devel-linux-x86_64-debian-gcc | 0.1.4 | 29.43 | 55.94 | 85.37 | OK | |
| r-devel-linux-x86_64-fedora-clang | 0.1.4 | 111.00 | 100.54 | 211.54 | OK | |
| r-devel-linux-x86_64-fedora-gcc | 0.1.4 | 80.00 | 114.67 | 194.67 | OK | |
| r-devel-windows-x86_64 | 0.1.4 | 71.00 | 113.00 | 184.00 | OK | |
| r-patched-linux-x86_64 | 0.1.4 | 45.49 | 71.29 | 116.78 | OK | |
| r-release-linux-x86_64 | 0.1.4 | 45.15 | 70.93 | 116.08 | OK | |
| r-release-macos-arm64 | 0.1.4 | 18.00 | 37.00 | 55.00 | OK | |
| r-release-macos-x86_64 | 0.1.4 | 22.00 | 63.00 | 85.00 | OK | |
| r-release-windows-x86_64 | 0.1.4 | 50.00 | 114.00 | 164.00 | OK | |
| r-oldrel-macos-arm64 | 0.1.4 | 15.00 | 30.00 | 45.00 | NOTE | |
| r-oldrel-macos-x86_64 | 0.1.4 | 20.00 | 52.00 | 72.00 | NOTE | |
| r-oldrel-windows-x86_64 | 0.1.4 | 63.00 | 144.00 | 207.00 | OK |
Version: 0.1.4
Check: installed package size
Result: NOTE
installed size is 6.0Mb
sub-directories of 1Mb or more:
data 2.0Mb
libs 3.9Mb
Flavors: r-oldrel-macos-arm64, r-oldrel-macos-x86_64