Last updated on 2025-11-08 03:48:58 CET.
| Flavor | Version | Tinstall | Tcheck | Ttotal | Status | Flags |
|---|---|---|---|---|---|---|
| r-devel-linux-x86_64-debian-clang | 1.2.4 | 67.82 | 126.14 | 193.96 | OK | |
| r-devel-linux-x86_64-debian-gcc | 1.2.4 | 42.08 | 89.06 | 131.14 | OK | |
| r-devel-linux-x86_64-fedora-clang | 1.2.4 | 1.61 | ERROR | |||
| r-devel-linux-x86_64-fedora-gcc | 1.2.4 | 132.00 | 168.26 | 300.26 | OK | |
| r-devel-windows-x86_64 | 1.2.4 | 79.00 | 143.00 | 222.00 | OK | |
| r-patched-linux-x86_64 | 1.2.4 | 65.71 | 115.88 | 181.59 | OK | |
| r-release-linux-x86_64 | 1.2.4 | 68.10 | 117.43 | 185.53 | OK | |
| r-release-macos-arm64 | 1.2.4 | 26.00 | 51.00 | 77.00 | OK | |
| r-release-macos-x86_64 | 1.2.4 | 36.00 | 118.00 | 154.00 | OK | |
| r-release-windows-x86_64 | 1.2.4 | 81.00 | 142.00 | 223.00 | OK | |
| r-oldrel-macos-arm64 | 1.2.4 | 28.00 | 60.00 | 88.00 | OK | |
| r-oldrel-macos-x86_64 | 1.2.4 | 36.00 | 120.00 | 156.00 | OK | |
| r-oldrel-windows-x86_64 | 1.2.4 | 95.00 | 192.00 | 287.00 | OK |
Version: 1.2.4
Check: package dependencies
Result: ERROR
Package required but not available: ‘ddpcr’
See section ‘The DESCRIPTION file’ in the ‘Writing R Extensions’
manual.
Flavor: r-devel-linux-x86_64-fedora-clang