Last updated on 2025-11-04 03:50:45 CET.
| Flavor | Version | Tinstall | Tcheck | Ttotal | Status | Flags | 
|---|---|---|---|---|---|---|
| r-devel-linux-x86_64-debian-clang | 0.0.5 | 3.67 | 36.77 | 40.44 | OK | |
| r-devel-linux-x86_64-debian-gcc | 0.0.5 | 2.62 | 28.27 | 30.89 | OK | |
| r-devel-linux-x86_64-fedora-clang | 0.0.5 | 59.66 | OK | |||
| r-devel-linux-x86_64-fedora-gcc | 0.0.5 | 55.93 | OK | |||
| r-devel-windows-x86_64 | 0.0.5 | 5.00 | 54.00 | 59.00 | OK | |
| r-patched-linux-x86_64 | 0.0.5 | 3.74 | 33.12 | 36.86 | OK | |
| r-release-linux-x86_64 | 0.0.5 | 3.48 | 33.42 | 36.90 | OK | |
| r-release-macos-arm64 | 0.0.5 | 2.00 | 22.00 | 24.00 | OK | |
| r-release-macos-x86_64 | 0.0.5 | 3.00 | 35.00 | 38.00 | OK | |
| r-release-windows-x86_64 | 0.0.5 | 5.00 | 52.00 | 57.00 | OK | |
| r-oldrel-macos-arm64 | 0.0.5 | 2.00 | 24.00 | 26.00 | NOTE | |
| r-oldrel-macos-x86_64 | 0.0.5 | 2.00 | 39.00 | 41.00 | NOTE | |
| r-oldrel-windows-x86_64 | 0.0.5 | 8.00 | 63.00 | 71.00 | NOTE | 
Version: 0.0.5
Check: installed package size
Result: NOTE
    installed size is  7.3Mb
    sub-directories of 1Mb or more:
      extdata   5.3Mb
      help      1.9Mb
Flavors: r-oldrel-macos-arm64, r-oldrel-macos-x86_64, r-oldrel-windows-x86_64