Last updated on 2025-11-07 03:50:32 CET.
| Flavor | Version | Tinstall | Tcheck | Ttotal | Status | Flags |
|---|---|---|---|---|---|---|
| r-devel-linux-x86_64-debian-clang | 1.4 | 15.76 | 136.09 | 151.85 | NOTE | |
| r-devel-linux-x86_64-debian-gcc | 1.4 | 11.79 | 90.86 | 102.65 | NOTE | |
| r-devel-linux-x86_64-fedora-clang | 1.4.1 | 59.00 | 191.88 | 250.88 | OK | |
| r-devel-linux-x86_64-fedora-gcc | 1.4.1 | 54.00 | 194.60 | 248.60 | OK | |
| r-devel-windows-x86_64 | 1.4 | 18.00 | 159.00 | 177.00 | NOTE | |
| r-patched-linux-x86_64 | 1.4 | 15.64 | 125.57 | 141.21 | OK | |
| r-release-linux-x86_64 | 1.4 | 14.10 | 127.39 | 141.49 | OK | |
| r-release-macos-arm64 | 1.4.1 | 7.00 | 80.00 | 87.00 | OK | |
| r-release-macos-x86_64 | 1.4.1 | 18.00 | 134.00 | 152.00 | OK | |
| r-release-windows-x86_64 | 1.4 | 18.00 | 151.00 | 169.00 | OK | |
| r-oldrel-macos-arm64 | 1.4.1 | 8.00 | 89.00 | 97.00 | OK | |
| r-oldrel-macos-x86_64 | 1.4.1 | 17.00 | 142.00 | 159.00 | OK | |
| r-oldrel-windows-x86_64 | 1.4 | 24.00 | 199.00 | 223.00 | OK |
Version: 1.4
Check: Rd files
Result: NOTE
checkRd: (-1) BAwiR-package.Rd:20-28: Only 2 columns allowed in this table (row 1 has 1)
checkRd: (-1) BAwiR-package.Rd:20-28: Only 2 columns allowed in this table (row 2 has 1)
checkRd: (-1) BAwiR-package.Rd:20-28: Only 2 columns allowed in this table (row 3 has 1)
checkRd: (-1) BAwiR-package.Rd:20-28: Only 2 columns allowed in this table (row 4 has 1)
checkRd: (-1) BAwiR-package.Rd:20-28: Only 2 columns allowed in this table (row 5 has 1)
checkRd: (-1) BAwiR-package.Rd:20-28: Only 2 columns allowed in this table (row 6 has 1)
checkRd: (-1) BAwiR-package.Rd:20-28: Only 2 columns allowed in this table (row 7 has 1)
Flavors: r-devel-linux-x86_64-debian-clang, r-devel-linux-x86_64-debian-gcc, r-devel-windows-x86_64