Last updated on 2025-11-07 03:50:32 CET.
| Flavor | Version | Tinstall | Tcheck | Ttotal | Status | Flags |
|---|---|---|---|---|---|---|
| r-devel-linux-x86_64-debian-clang | 0.1.6 | 19.14 | 159.69 | 178.83 | OK | |
| r-devel-linux-x86_64-debian-gcc | 0.1.6 | 12.52 | 109.23 | 121.75 | OK | |
| r-devel-linux-x86_64-fedora-clang | 0.1.6 | 117.00 | 182.36 | 299.36 | OK | |
| r-devel-linux-x86_64-fedora-gcc | 0.1.6 | 95.00 | 185.38 | 280.38 | OK | |
| r-devel-windows-x86_64 | 0.1.6 | 19.00 | 144.00 | 163.00 | OK | |
| r-patched-linux-x86_64 | 0.1.6 | 19.30 | 152.35 | 171.65 | OK | |
| r-release-linux-x86_64 | 0.1.6 | 0.31 | 1.75 | 2.06 | ERROR | |
| r-release-macos-arm64 | 0.1.6 | 5.00 | ERROR | |||
| r-release-macos-x86_64 | 0.1.6 | 23.00 | 150.00 | 173.00 | OK | |
| r-release-windows-x86_64 | 0.1.6 | 20.00 | 144.00 | 164.00 | OK | |
| r-oldrel-macos-arm64 | 0.1.6 | 8.00 | 65.00 | 73.00 | OK | |
| r-oldrel-macos-x86_64 | 0.1.6 | 13.00 | 100.00 | 113.00 | OK | |
| r-oldrel-windows-x86_64 | 0.1.6 | 28.00 | 179.00 | 207.00 | OK |
Version: 0.1.6
Check: package dependencies
Result: ERROR
Package required but not available: ‘clusterProfiler’
See section ‘The DESCRIPTION file’ in the ‘Writing R Extensions’
manual.
Flavor: r-release-linux-x86_64
Version: 0.1.6
Check: package dependencies
Result: ERROR
Package required but not available: ‘org.Hs.eg.db’
See section ‘The DESCRIPTION file’ in the ‘Writing R Extensions’
manual.
Flavor: r-release-macos-arm64