CRAN Package Check Results for Package xgb2sql

Last updated on 2025-05-20 03:50:29 CEST.

Flavor Version Tinstall Tcheck Ttotal Status Flags
r-devel-linux-x86_64-debian-clang 0.1.2 2.34 35.42 37.76 NOTE
r-devel-linux-x86_64-debian-gcc 0.1.2 1.70 26.91 28.61 NOTE
r-devel-linux-x86_64-fedora-clang 0.1.2 61.77 NOTE
r-devel-linux-x86_64-fedora-gcc 0.1.2 70.43 NOTE
r-devel-windows-x86_64 0.1.2 4.00 61.00 65.00 OK
r-patched-linux-x86_64 0.1.2 2.28 32.92 35.20 NOTE
r-release-linux-x86_64 0.1.2 1.80 32.99 34.79 NOTE
r-release-macos-arm64 0.1.2 38.00 OK
r-release-macos-x86_64 0.1.2 52.00 OK
r-release-windows-x86_64 0.1.2 4.00 54.00 58.00 OK
r-oldrel-macos-arm64 0.1.2 27.00 NOTE
r-oldrel-macos-x86_64 0.1.2 41.00 NOTE
r-oldrel-windows-x86_64 0.1.2 4.00 60.00 64.00 NOTE

Check Details

Version: 0.1.2
Check: for non-standard things in the check directory
Result: NOTE Found the following files/directories: ‘xgb.txt’ Flavors: r-devel-linux-x86_64-debian-clang, r-devel-linux-x86_64-debian-gcc, r-devel-linux-x86_64-fedora-clang, r-devel-linux-x86_64-fedora-gcc, r-patched-linux-x86_64, r-release-linux-x86_64

Version: 0.1.2
Check: LazyData
Result: NOTE 'LazyData' is specified without a 'data' directory Flavors: r-oldrel-macos-arm64, r-oldrel-macos-x86_64, r-oldrel-windows-x86_64