Last updated on 2025-05-21 04:49:58 CEST.
Flavor | Version | Tinstall | Tcheck | Ttotal | Status | Flags |
---|---|---|---|---|---|---|
r-devel-linux-x86_64-debian-clang | 1.0.6 | 65.28 | 185.07 | 250.35 | OK | |
r-devel-linux-x86_64-debian-gcc | 1.0.6 | 45.61 | 139.20 | 184.81 | OK | |
r-devel-linux-x86_64-fedora-clang | 1.0.6 | 417.60 | OK | |||
r-devel-linux-x86_64-fedora-gcc | 1.0.6 | 433.18 | OK | |||
r-devel-windows-x86_64 | 1.0.6 | 69.00 | 201.00 | 270.00 | OK | |
r-patched-linux-x86_64 | 1.0.6 | 67.51 | 178.04 | 245.55 | OK | |
r-release-linux-x86_64 | 1.0.6 | 67.33 | 179.45 | 246.78 | OK | |
r-release-macos-arm64 | 1.0.6 | 173.00 | OK | |||
r-release-macos-x86_64 | 1.0.6 | 270.00 | OK | |||
r-release-windows-x86_64 | 1.0.6 | 71.00 | 195.00 | 266.00 | OK | |
r-oldrel-macos-arm64 | 1.0.6 | 108.00 | NOTE | |||
r-oldrel-macos-x86_64 | 1.0.6 | 204.00 | NOTE | |||
r-oldrel-windows-x86_64 | 1.0.6 | 81.00 | 251.00 | 332.00 | OK |
Version: 1.0.6
Check: installed package size
Result: NOTE
installed size is 7.2Mb
sub-directories of 1Mb or more:
libs 6.7Mb
Flavors: r-oldrel-macos-arm64, r-oldrel-macos-x86_64