Last updated on 2025-05-21 04:49:58 CEST.
Flavor | Version | Tinstall | Tcheck | Ttotal | Status | Flags |
---|---|---|---|---|---|---|
r-devel-linux-x86_64-debian-clang | 1.0.2 | 6.41 | 289.72 | 296.13 | OK | |
r-devel-linux-x86_64-debian-gcc | 1.0.2 | 4.77 | 174.27 | 179.04 | ERROR | |
r-devel-linux-x86_64-fedora-clang | 1.0.2 | 466.78 | OK | |||
r-devel-linux-x86_64-fedora-gcc | 1.0.2 | 459.96 | OK | |||
r-devel-windows-x86_64 | 1.0.2 | 9.00 | 266.00 | 275.00 | OK | |
r-patched-linux-x86_64 | 1.0.2 | 7.12 | 274.71 | 281.83 | OK | |
r-release-linux-x86_64 | 1.0.2 | 7.37 | 274.05 | 281.42 | OK | |
r-release-macos-arm64 | 1.0.2 | 111.00 | OK | |||
r-release-macos-x86_64 | 1.0.2 | 252.00 | OK | |||
r-release-windows-x86_64 | 1.0.2 | 10.00 | 246.00 | 256.00 | OK | |
r-oldrel-macos-arm64 | 1.0.2 | 126.00 | OK | |||
r-oldrel-macos-x86_64 | 1.0.2 | 432.00 | OK | |||
r-oldrel-windows-x86_64 | 1.0.2 | 12.00 | 354.00 | 366.00 | OK |
Version: 1.0.2
Check: tests
Result: ERROR
Running ‘testthat.R’ [117s/152s]
Running the tests in ‘tests/testthat.R’ failed.
Complete output:
> # This file is part of the standard setup for testthat.
> # It is recommended that you do not modify it.
> #
> # Where should you do additional test configuration?
> # Learn more about the roles of various files in:
> # * https://r-pkgs.org/testing-design.html#sec-tests-files-overview
> # * https://testthat.r-lib.org/articles/special-files.html
>
> library(testthat)
> library(treesliceR)
>
> test_check("treesliceR")
> The 11 number of pieces inputted equals to intervals of 0.108047923315962 million of years.
> The 11 number of pieces inputted equals to intervals of 0.108047923315962 million of years.
> The 11 number of pieces inputted equals to intervals of 0.108047923315962 million of years.
> The 12 number of pieces inputted equals to intervals of 0.215284191698067 million of years.
> The 12 number of pieces inputted equals to intervals of 0.215284191698067 million of years.
> The 12 number of pieces inputted equals to intervals of 0.215284191698067 million of years.
> The 15 number of pieces inputted equals to intervals of 0.064786589484763 million of years.
> The 15 number of pieces inputted equals to intervals of 0.064786589484763 million of years.
> The 15 number of pieces inputted equals to intervals of 0.064786589484763 million of years.
> The 6 number of pieces inputted equals to intervals of 0.159388227580809 million of years.
> The 6 number of pieces inputted equals to intervals of 0.159388227580809 million of years.
> The 6 number of pieces inputted equals to intervals of 0.159388227580809 million of years.
> The 14 number of pieces inputted equals to intervals of 0.0583811330951345 million of years.
> The 14 number of pieces inputted equals to intervals of 0.0583811330951345 million of years.
> The 14 number of pieces inputted equals to intervals of 0.0583811330951345 million of years.
> The 10 number of pieces inputted equals to intervals of 0.37049984649323 million of years.
> The 10 number of pieces inputted equals to intervals of 0.37049984649323 million of years.
> The 10 number of pieces inputted equals to intervals of 0.37049984649323 million of years.
> The 12 number of pieces inputted equals to intervals of 0.141457653593514 million of years.
> The 12 number of pieces inputted equals to intervals of 0.141457653593514 million of years.
> The 12 number of pieces inputted equals to intervals of 0.141457653593514 million of years.
> The 9 number of pieces inputted equals to intervals of 0.0936015116519269 million of years.
> The 9 number of pieces inputted equals to intervals of 0.0936015116519269 million of years.
> The 9 number of pieces inputted equals to intervals of 0.0936015116519269 million of years.
> The 5 number of pieces inputted equals to intervals of 0.122381726935231 million of years.
> The 5 number of pieces inputted equals to intervals of 0.122381726935231 million of years.
> The 5 number of pieces inputted equals to intervals of 0.122381726935231 million of years.
> The 8 number of pieces inputted equals to intervals of 0.171136419770054 million of years.
> The 8 number of pieces inputted equals to intervals of 0.171136419770054 million of years.
> The 8 number of pieces inputted equals to intervals of 0.171136419770054 million of years.
> The 14 number of pieces inputted equals to intervals of 0.240296259841141 million of years.
> The 14 number of pieces inputted equals to intervals of 0.240296259841141 million of years.
> The 14 number of pieces inputted equals to intervals of 0.240296259841141 million of years.
> The 8 number of pieces inputted equals to intervals of 0.118342994557411 million of years.
> The 8 number of pieces inputted equals to intervals of 0.118342994557411 million of years.
> The 8 number of pieces inputted equals to intervals of 0.118342994557411 million of years.
> The 14 number of pieces inputted equals to intervals of 0.206808098683861 million of years.
> The 14 number of pieces inputted equals to intervals of 0.206808098683861 million of years.
> The 14 number of pieces inputted equals to intervals of 0.206808098683861 million of years.
> The 13 number of pieces inputted equals to intervals of 0.213243433250655 million of years.
> The 13 number of pieces inputted equals to intervals of 0.213243433250655 million of years.
> The 13 number of pieces inputted equals to intervals of 0.213243433250655 million of years.
> The 12 number of pieces inputted equals to intervals of 0.233871820192971 million of years.
> The 12 number of pieces inputted equals to intervals of 0.233871820192971 million of years.
> The 12 number of pieces inputted equals to intervals of 0.233871820192971 million of years.
> The 6 number of pieces inputted equals to intervals of 0.17381504084573 million of years.
> The 6 number of pieces inputted equals to intervals of 0.17381504084573 million of years.
> The 6 number of pieces inputted equals to intervals of 0.17381504084573 million of years.
> The 18 number of pieces inputted equals to intervals of 0.0887594019912367 million of years.
> The 15 number of pieces inputted equals to intervals of 0.0690819638991879 million of years.
> The 10 number of pieces inputted equals to intervals of 0.298623775318096 million of years.
> The 10 number of pieces inputted equals to intervals of 0.323110528633965 million of years.
> The 18 number of pieces inputted equals to intervals of 0.102028369813867 million of years.
> The 16 number of pieces inputted equals to intervals of 0.072561160047994 million of years.
> The 20 number of pieces inputted equals to intervals of 0.0993456907463691 million of years.
> The 16 number of pieces inputted equals to intervals of 0.0547150994173706 million of years.
> The 14 number of pieces inputted equals to intervals of 0.202252042475206 million of years.
> The 10 number of pieces inputted equals to intervals of 0.257911875651513 million of years.
> The 11 number of pieces inputted equals to intervals of 0.0779152265700701 million of years.
> The 13 number of pieces inputted equals to intervals of 0.115558446866334 million of years.
> The 19 number of pieces inputted equals to intervals of 0.0945909876190392 million of years.
> The 19 number of pieces inputted equals to intervals of 0.12087880055414 million of years.
> The 11 number of pieces inputted equals to intervals of 0.151579002138944 million of years.
> The 16 number of pieces inputted equals to intervals of 0.0538739470201403 million of years.
> The 10 number of pieces inputted equals to intervals of 0.052644489224985 million of years.
> The 20 number of pieces inputted equals to intervals of 0.0522568898379483 million of years.
> The 13 number of pieces inputted equals to intervals of 0.0686620947605068 million of years.
> The 13 number of pieces inputted equals to intervals of 0.0960533044183769 million of years.
> The 18 number of pieces inputted equals to intervals of 0.149632189442859 million of years.
> The 15 number of pieces inputted equals to intervals of 0.193982862779816 million of years.
> The 19 number of pieces inputted equals to intervals of 0.0633797736675486 million of years.
> The 11 number of pieces inputted equals to intervals of 0.195796542989987 million of years.
> The 17 number of pieces inputted equals to intervals of 0.118689207555156 million of years.
> The 19 number of pieces inputted equals to intervals of 0.0958700747705094 million of years.
> The 20 number of pieces inputted equals to intervals of 0.0648884745320203 million of years.
> The 12 number of pieces inputted equals to intervals of 0.186955120700708 million of years.
> The 18 number of pieces inputted equals to intervals of 0.0832645886949771 million of years.
> The 12 number of pieces inputted equals to intervals of 0.124792285561097 million of years.
> The 11 number of pieces inputted equals to intervals of 0.167751084857756 million of years.
> The 13 number of pieces inputted equals to intervals of 0.201132187154026 million of years.
> The 20 number of pieces inputted equals to intervals of 0.0411637488053416 million of years.
> The 13 number of pieces inputted equals to intervals of 0.107688833650425 million of years.
> The 10 number of pieces inputted equals to intervals of 0.191852364065046 million of years.
> The 15 number of pieces inputted equals to intervals of 0.13145313442224 million of years.
> The 14 number of pieces inputted equals to intervals of 0.106607072324972 million of years.
> The 16 number of pieces inputted equals to intervals of 0.0864118549544151 million of years.
> The 19 number of pieces inputted equals to intervals of 0.184649190912707 million of years.
> The 16 number of pieces inputted equals to intervals of 0.0320540705149577 million of years.
> The 16 number of pieces inputted equals to intervals of 0.152839312085949 million of years.
> The 12 number of pieces inputted equals to intervals of 0.299360833986686 million of years.
> The 18 number of pieces inputted equals to intervals of 0.0658320546062113 million of years.
> The 11 number of pieces inputted equals to intervals of 0.31407616441042 million of years.
> The 10 number of pieces inputted equals to intervals of 0.123160517945767 million of years.
> The 19 number of pieces inputted equals to intervals of 0.0375440769013247 million of years.
> The 16 number of pieces inputted equals to intervals of 0.147041324496816 million of years.
> The 19 number of pieces inputted equals to intervals of 0.0711916418004519 million of years.
> The 20 number of pieces inputted equals to intervals of 0.0690750769933639 million of years.
> The 16 number of pieces inputted equals to intervals of 0.0426538994563701 million of years.
> The 10 number of pieces inputted equals to intervals of 0.0493876509278265 million of years.
> The 16 number of pieces inputted equals to intervals of 0.155811578391376 million of years.
> The 17 number of pieces inputted equals to intervals of 0.260127433565982 million of years.
> The 10 number of pieces inputted equals to intervals of 0.100679162150976 million of years.
> The 20 number of pieces inputted equals to intervals of 0.118843495408732 million of years.
> The 19 number of pieces inputted equals to intervals of 0.0701588230356875 million of years.
> The 15 number of pieces inputted equals to intervals of 0.191410555548965 million of years.
> The 12 number of pieces inputted equals to intervals of 0.0944036696761194 million of years.
> The 18 number of pieces inputted equals to intervals of 0.157151503751882 million of years.
> The 19 number of pieces inputted equals to intervals of 0.113531993840039 million of years.
> The 20 number of pieces inputted equals to intervals of 0.0634435529503238 million of years.
> The 20 number of pieces inputted equals to intervals of 0.0855149204952642 million of years.
> The 20 number of pieces inputted equals to intervals of 0.0707570096547677 million of years.
> The 20 number of pieces inputted equals to intervals of 0.055900056079189 million of years.
> The 20 number of pieces inputted equals to intervals of 0.0832273235262993 million of years.
> The 20 number of pieces inputted equals to intervals of 0.0320364164697386 million of years.
> The 20 number of pieces inputted equals to intervals of 0.0464883121190634 million of years.
> The 20 number of pieces inputted equals to intervals of 0.0530142890458778 million of years.
> The 20 number of pieces inputted equals to intervals of 0.070108901296679 million of years.
> The 20 number of pieces inputted equals to intervals of 0.0745220802461054 million of years.
> The 20 number of pieces inputted equals to intervals of 0.132515409595062 million of years.
> The 20 number of pieces inputted equals to intervals of 0.0572154947411634 million of years.
> The 20 number of pieces inputted equals to intervals of 0.0494237249266231 million of years.
> The 20 number of pieces inputted equals to intervals of 0.0463996959237949 million of years.
> The 20 number of pieces inputted equals to intervals of 0.085907627078545 million of years.
> The 20 number of pieces inputted equals to intervals of 0.046025333950358 million of years.
> The 20 number of pieces inputted equals to intervals of 0.0578564029274317 million of years.
> The 20 number of pieces inputted equals to intervals of 0.128476478104547 million of years.
> The 20 number of pieces inputted equals to intervals of 0.045632184408966 million of years.
> The 20 number of pieces inputted equals to intervals of 0.0410534783689674 million of years.
> The 25 number of pieces inputted equals to intervals of 0.203423635826786 million of years.
> The 50 number of pieces inputted equals to intervals of 0.101711817913393 million of years.
> The 75 number of pieces inputted equals to intervals of 0.0678078786089286 million of years.
> The 100 number of pieces inputted equals to intervals of 0.0508559089566964 million of years.
> The 125 number of pieces inputted equals to intervals of 0.0406847271653572 million of years.
> The 25 number of pieces inputted equals to intervals of 0.203423635826786 million of years.
> The 50 number of pieces inputted equals to intervals of 0.101711817913393 million of years.
> The 75 number of pieces inputted equals to intervals of 0.0678078786089286 million of years.
> The 100 number of pieces inputted equals to intervals of 0.0508559089566964 million of years.
> The 125 number of pieces inputted equals to intervals of 0.0406847271653572 million of years.
> The 25 number of pieces inputted equals to intervals of 0.203423635826786 million of years.
> The 50 number of pieces inputted equals to intervals of 0.101711817913393 million of years.
> The 75 number of pieces inputted equals to intervals of 0.0678078786089286 million of years.
> The 100 number of pieces inputted equals to intervals of 0.0508559089566964 million of years.
> The 125 number of pieces inputted equals to intervals of 0.0406847271653572 million of years.
> The 25 number of pieces inputted equals to intervals of 0.203423635826786 million of years.
> The 50 number of pieces inputted equals to intervals of 0.101711817913393 million of years.
> The 75 number of pieces inputted equals to intervals of 0.0678078786089286 million of years.
> The 100 number of pieces inputted equals to intervals of 0.0508559089566964 million of years.
> The 125 number of pieces inputted equals to intervals of 0.0406847271653572 million of years.
> The 25 number of pieces inputted equals to intervals of 0.0589319671750959 million of years.
> The 50 number of pieces inputted equals to intervals of 0.029465983587548 million of years.
> The 75 number of pieces inputted equals to intervals of 0.0196439890583653 million of years.
> The 100 number of pieces inputted equals to intervals of 0.014732991793774 million of years.
> The 125 number of pieces inputted equals to intervals of 0.0117863934350192 million of years.
> The 25 number of pieces inputted equals to intervals of 0.0589319671750959 million of years.
> The 50 number of pieces inputted equals to intervals of 0.029465983587548 million of years.
> The 75 number of pieces inputted equals to intervals of 0.0196439890583653 million of years.
> The 100 number of pieces inputted equals to intervals of 0.014732991793774 million of years.
> The 125 number of pieces inputted equals to intervals of 0.0117863934350192 million of years.
> The 25 number of pieces inputted equals to intervals of 0.0589319671750959 million of years.
> The 50 number of pieces inputted equals to intervals of 0.029465983587548 million of years.
> The 75 number of pieces inputted equals to intervals of 0.0196439890583653 million of years.
> The 100 number of pieces inputted equals to intervals of 0.014732991793774 million of years.
> The 125 number of pieces inputted equals to intervals of 0.0117863934350192 million of years.
> The 25 number of pieces inputted equals to intervals of 0.0589319671750959 million of years.
> The 50 number of pieces inputted equals to intervals of 0.029465983587548 million of years.
> The 75 number of pieces inputted equals to intervals of 0.0196439890583653 million of years.
> The 100 number of pieces inputted equals to intervals of 0.014732991793774 million of years.
> The 125 number of pieces inputted equals to intervals of 0.0117863934350192 million of years.
> The 25 number of pieces inputted equals to intervals of 0.0504947465291249 million of years.
> The 50 number of pieces inputted equals to intervals of 0.0252473732645625 million of years.
> The 75 number of pieces inputted equals to intervals of 0.016831582176375 million of years.
> The 100 number of pieces inputted equals to intervals of 0.0126236866322812 million of years.
> The 125 number of pieces inputted equals to intervals of 0.010098949305825 million of years.
> The 25 number of pieces inputted equals to intervals of 0.0504947465291249 million of years.
> The 50 number of pieces inputted equals to intervals of 0.0252473732645625 million of years.
> The 75 number of pieces inputted equals to intervals of 0.016831582176375 million of years.
> The 100 number of pieces inputted equals to intervals of 0.0126236866322812 million of years.
> The 125 number of pieces inputted equals to intervals of 0.010098949305825 million of years.
> The 25 number of pieces inputted equals to intervals of 0.0504947465291249 million of years.
> The 50 number of pieces inputted equals to intervals of 0.0252473732645625 million of years.
> The 75 number of pieces inputted equals to intervals of 0.016831582176375 million of years.
> The 100 number of pieces inputted equals to intervals of 0.0126236866322812 million of years.
> The 125 number of pieces inputted equals to intervals of 0.010098949305825 million of years.
> The 25 number of pieces inputted equals to intervals of 0.0504947465291249 million of years.
> The 50 number of pieces inputted equals to intervals of 0.0252473732645625 million of years.
> The 75 number of pieces inputted equals to intervals of 0.016831582176375 million of years.
> The 100 number of pieces inputted equals to intervals of 0.0126236866322812 million of years.
> The 125 number of pieces inputted equals to intervals of 0.010098949305825 million of years.
> The 25 number of pieces inputted equals to intervals of 0.0316844666110856 million of years.
> The 50 number of pieces inputted equals to intervals of 0.0158422333055428 million of years.
> The 75 number of pieces inputted equals to intervals of 0.0105614888703619 million of years.
> The 100 number of pieces inputted equals to intervals of 0.0079211166527714 million of years.
> The 125 number of pieces inputted equals to intervals of 0.00633689332221712 million of years.
> The 25 number of pieces inputted equals to intervals of 0.0316844666110856 million of years.
> The 50 number of pieces inputted equals to intervals of 0.0158422333055428 million of years.
> The 75 number of pieces inputted equals to intervals of 0.0105614888703619 million of years.
> The 100 number of pieces inputted equals to intervals of 0.0079211166527714 million of years.
> The 125 number of pieces inputted equals to intervals of 0.00633689332221712 million of years.
> The 25 number of pieces inputted equals to intervals of 0.0316844666110856 million of years.
> The 50 number of pieces inputted equals to intervals of 0.0158422333055428 million of years.
> The 75 number of pieces inputted equals to intervals of 0.0105614888703619 million of years.
> The 100 number of pieces inputted equals to intervals of 0.0079211166527714 million of years.
> The 125 number of pieces inputted equals to intervals of 0.00633689332221712 million of years.
> The 25 number of pieces inputted equals to intervals of 0.0316844666110856 million of years.
> The 50 number of pieces inputted equals to intervals of 0.0158422333055428 million of years.
> The 75 number of pieces inputted equals to intervals of 0.0105614888703619 million of years.
> The 100 number of pieces inputted equals to intervals of 0.0079211166527714 million of years.
> The 125 number of pieces inputted equals to intervals of 0.00633689332221712 million of years.
> The 25 number of pieces inputted equals to intervals of 0.110270366572334 million of years.
> The 50 number of pieces inputted equals to intervals of 0.0551351832861668 million of years.
> The 75 number of pieces inputted equals to intervals of 0.0367567888574445 million of years.
> The 100 number of pieces inputted equals to intervals of 0.0275675916430834 million of years.
> The 125 number of pieces inputted equals to intervals of 0.0220540733144667 million of years.
> The 25 number of pieces inputted equals to intervals of 0.110270366572334 million of years.
> The 50 number of pieces inputted equals to intervals of 0.0551351832861668 million of years.
> The 75 number of pieces inputted equals to intervals of 0.0367567888574445 million of years.
> The 100 number of pieces inputted equals to intervals of 0.0275675916430834 million of years.
> The 125 number of pieces inputted equals to intervals of 0.0220540733144667 million of years.
> The 25 number of pieces inputted equals to intervals of 0.110270366572334 million of years.
> The 50 number of pieces inputted equals to intervals of 0.0551351832861668 million of years.
> The 75 number of pieces inputted equals to intervals of 0.0367567888574445 million of years.
> The 100 number of pieces inputted equals to intervals of 0.0275675916430834 million of years.
> The 125 number of pieces inputted equals to intervals of 0.0220540733144667 million of years.
> The 25 number of pieces inputted equals to intervals of 0.110270366572334 million of years.
> The 50 number of pieces inputted equals to intervals of 0.0551351832861668 million of years.
> The 75 number of pieces inputted equals to intervals of 0.0367567888574445 million of years.
> The 100 number of pieces inputted equals to intervals of 0.0275675916430834 million of years.
> The 125 number of pieces inputted equals to intervals of 0.0220540733144667 million of years.
> The 25 number of pieces inputted equals to intervals of 0.0247043514997456 million of years.
> The 50 number of pieces inputted equals to intervals of 0.0123521757498728 million of years.
> The 75 number of pieces inputted equals to intervals of 0.00823478383324853 million of years.
> The 100 number of pieces inputted equals to intervals of 0.0061760878749364 million of years.
> The 125 number of pieces inputted equals to intervals of 0.00494087029994912 million of years.
> The 25 number of pieces inputted equals to intervals of 0.0247043514997456 million of years.
> The 50 number of pieces inputted equals to intervals of 0.0123521757498728 million of years.
> The 75 number of pieces inputted equals to intervals of 0.00823478383324853 million of years.
> The 100 number of pieces inputted equals to intervals of 0.0061760878749364 million of years.
> The 125 number of pieces inputted equals to intervals of 0.00494087029994912 million of years.
> The 25 number of pieces inputted equals to intervals of 0.0247043514997456 million of years.
> The 50 number of pieces inputted equals to intervals of 0.0123521757498728 million of years.
> The 75 number of pieces inputted equals to intervals of 0.00823478383324853 million of years.
> The 100 number of pieces inputted equals to intervals of 0.0061760878749364 million of years.
> The 125 number of pieces inputted equals to intervals of 0.00494087029994912 million of years.
> The 25 number of pieces inputted equals to intervals of 0.0247043514997456 million of years.
> The 50 number of pieces inputted equals to intervals of 0.0123521757498728 million of years.
> The 75 number of pieces inputted equals to intervals of 0.00823478383324853 million of years.
> The 100 number of pieces inputted equals to intervals of 0.0061760878749364 million of years.
> The 125 number of pieces inputted equals to intervals of 0.00494087029994912 million of years.
> The 25 number of pieces inputted equals to intervals of 0.0724247041454632 million of years.
> The 50 number of pieces inputted equals to intervals of 0.0362123520727316 million of years.
> The 75 number of pieces inputted equals to intervals of 0.0241415680484877 million of years.
> The 100 number of pieces inputted equals to intervals of 0.0181061760363658 million of years.
> The 125 number of pieces inputted equals to intervals of 0.0144849408290926 million of years.
> The 25 number of pieces inputted equals to intervals of 0.0724247041454632 million of years.
> The 50 number of pieces inputted equals to intervals of 0.0362123520727316 million of years.
> The 75 number of pieces inputted equals to intervals of 0.0241415680484877 million of years.
> The 100 number of pieces inputted equals to intervals of 0.0181061760363658 million of years.
> The 125 number of pieces inputted equals to intervals of 0.0144849408290926 million of years.
> The 25 number of pieces inputted equals to intervals of 0.0724247041454632 million of years.
> The 50 number of pieces inputted equals to intervals of 0.0362123520727316 million of years.
> The 75 number of pieces inputted equals to intervals of 0.0241415680484877 million of years.
> The 100 number of pieces inputted equals to intervals of 0.0181061760363658 million of years.
> The 125 number of pieces inputted equals to intervals of 0.0144849408290926 million of years.
> The 25 number of pieces inputted equals to intervals of 0.0724247041454632 million of years.
> The 50 number of pieces inputted equals to intervals of 0.0362123520727316 million of years.
> The 75 number of pieces inputted equals to intervals of 0.0241415680484877 million of years.
> The 100 number of pieces inputted equals to intervals of 0.0181061760363658 million of years.
> The 125 number of pieces inputted equals to intervals of 0.0144849408290926 million of years.
> The 25 number of pieces inputted equals to intervals of 0.0342197432962107 million of years.
> The 50 number of pieces inputted equals to intervals of 0.0171098716481053 million of years.
> The 75 number of pieces inputted equals to intervals of 0.0114065810987369 million of years.
> The 100 number of pieces inputted equals to intervals of 0.00855493582405267 million of years.
> The 125 number of pieces inputted equals to intervals of 0.00684394865924214 million of years.
> The 25 number of pieces inputted equals to intervals of 0.0342197432962107 million of years.
> The 50 number of pieces inputted equals to intervals of 0.0171098716481053 million of years.
> The 75 number of pieces inputted equals to intervals of 0.0114065810987369 million of years.
> The 100 number of pieces inputted equals to intervals of 0.00855493582405267 million of years.
> The 125 number of pieces inputted equals to intervals of 0.00684394865924214 million of years.
> The 25 number of pieces inputted equals to intervals of 0.0342197432962107 million of years.
> The 50 number of pieces inputted equals to intervals of 0.0171098716481053 million of years.
> The 75 number of pieces inputted equals to intervals of 0.0114065810987369 million of years.
> The 100 number of pieces inputted equals to intervals of 0.00855493582405267 million of years.
> The 125 number of pieces inputted equals to intervals of 0.00684394865924214 million of years.
> The 25 number of pieces inputted equals to intervals of 0.0342197432962107 million of years.
> The 50 number of pieces inputted equals to intervals of 0.0171098716481053 million of years.
> The 75 number of pieces inputted equals to intervals of 0.0114065810987369 million of years.
> The 100 number of pieces inputted equals to intervals of 0.00855493582405267 million of years.
> The 125 number of pieces inputted equals to intervals of 0.00684394865924214 million of years.
> The 25 number of pieces inputted equals to intervals of 0.127928420294137 million of years.
> The 50 number of pieces inputted equals to intervals of 0.0639642101470684 million of years.
> The 75 number of pieces inputted equals to intervals of 0.0426428067647123 million of years.
> The 100 number of pieces inputted equals to intervals of 0.0319821050735342 million of years.
> The 125 number of pieces inputted equals to intervals of 0.0255856840588274 million of years.
> The 25 number of pieces inputted equals to intervals of 0.127928420294137 million of years.
> The 50 number of pieces inputted equals to intervals of 0.0639642101470684 million of years.
> The 75 number of pieces inputted equals to intervals of 0.0426428067647123 million of years.
> The 100 number of pieces inputted equals to intervals of 0.0319821050735342 million of years.
> The 125 number of pieces inputted equals to intervals of 0.0255856840588274 million of years.
> The 25 number of pieces inputted equals to intervals of 0.127928420294137 million of years.
> The 50 number of pieces inputted equals to intervals of 0.0639642101470684 million of years.
> The 75 number of pieces inputted equals to intervals of 0.0426428067647123 million of years.
> The 100 number of pieces inputted equals to intervals of 0.0319821050735342 million of years.
> The 125 number of pieces inputted equals to intervals of 0.0255856840588274 million of years.
> The 25 number of pieces inputted equals to intervals of 0.127928420294137 million of years.
> The 50 number of pieces inputted equals to intervals of 0.0639642101470684 million of years.
> The 75 number of pieces inputted equals to intervals of 0.0426428067647123 million of years.
> The 100 number of pieces inputted equals to intervals of 0.0319821050735342 million of years.
> The 125 number of pieces inputted equals to intervals of 0.0255856840588274 million of years.
> The 25 number of pieces inputted equals to intervals of 0.10068275509344 million of years.
> The 50 number of pieces inputted equals to intervals of 0.05034137754672 million of years.
> The 75 number of pieces inputted equals to intervals of 0.03356091836448 million of years.
> The 100 number of pieces inputted equals to intervals of 0.02517068877336 million of years.
> The 125 number of pieces inputted equals to intervals of 0.020136551018688 million of years.
> The 25 number of pieces inputted equals to intervals of 0.10068275509344 million of years.
> The 50 number of pieces inputted equals to intervals of 0.05034137754672 million of years.
> The 75 number of pieces inputted equals to intervals of 0.03356091836448 million of years.
> The 100 number of pieces inputted equals to intervals of 0.02517068877336 million of years.
> The 125 number of pieces inputted equals to intervals of 0.020136551018688 million of years.
> The 25 number of pieces inputted equals to intervals of 0.10068275509344 million of years.
> The 50 number of pieces inputted equals to intervals of 0.05034137754672 million of years.
> The 75 number of pieces inputted equals to intervals of 0.03356091836448 million of years.
> The 100 number of pieces inputted equals to intervals of 0.02517068877336 million of years.
> The 125 number of pieces inputted equals to intervals of 0.020136551018688 million of years.
> The 25 number of pieces inputted equals to intervals of 0.10068275509344 million of years.
> The 50 number of pieces inputted equals to intervals of 0.05034137754672 million of years.
> The 75 number of pieces inputted equals to intervals of 0.03356091836448 million of years.
> The 100 number of pieces inputted equals to intervals of 0.02517068877336 million of years.
> The 125 number of pieces inputted equals to intervals of 0.020136551018688 million of years.
> The 25 number of pieces inputted equals to intervals of 0.0646676674058454 million of years.
> The 50 number of pieces inputted equals to intervals of 0.0323338337029227 million of years.
> The 75 number of pieces inputted equals to intervals of 0.0215558891352818 million of years.
> The 100 number of pieces inputted equals to intervals of 0.0161669168514613 million of years.
> The 125 number of pieces inputted equals to intervals of 0.0129335334811691 million of years.
> The 25 number of pieces inputted equals to intervals of 0.0646676674058454 million of years.
> The 50 number of pieces inputted equals to intervals of 0.0323338337029227 million of years.
> The 75 number of pieces inputted equals to intervals of 0.0215558891352818 million of years.
> The 100 number of pieces inputted equals to intervals of 0.0161669168514613 million of years.
> The 125 number of pieces inputted equals to intervals of 0.0129335334811691 million of years.
> The 25 number of pieces inputted equals to intervals of 0.0646676674058454 million of years.
> The 50 number of pieces inputted equals to intervals of 0.0323338337029227 million of years.
> The 75 number of pieces inputted equals to intervals of 0.0215558891352818 million of years.
> The 100 number of pieces inputted equals to intervals of 0.0161669168514613 million of years.
> The 125 number of pieces inputted equals to intervals of 0.0129335334811691 million of years.
> The 25 number of pieces inputted equals to intervals of 0.0646676674058454 million of years.
> The 50 number of pieces inputted equals to intervals of 0.0323338337029227 million of years.
> The 75 number of pieces inputted equals to intervals of 0.0215558891352818 million of years.
> The 100 number of pieces inputted equals to intervals of 0.0161669168514613 million of years.
> The 125 number of pieces inputted equals to intervals of 0.0129335334811691 million of years.
> The 25 number of pieces inputted equals to intervals of 0.0356213983368025 million of years.
> The 50 number of pieces inputted equals to intervals of 0.0178106991684013 million of years.
> The 75 number of pieces inputted equals to intervals of 0.0118737994456008 million of years.
> The 100 number of pieces inputted equals to intervals of 0.00890534958420063 million of years.
> The 125 number of pieces inputted equals to intervals of 0.0071242796673605 million of years.
> The 25 number of pieces inputted equals to intervals of 0.0356213983368025 million of years.
> The 50 number of pieces inputted equals to intervals of 0.0178106991684013 million of years.
> The 75 number of pieces inputted equals to intervals of 0.0118737994456008 million of years.
> The 100 number of pieces inputted equals to intervals of 0.00890534958420063 million of years.
> The 125 number of pieces inputted equals to intervals of 0.0071242796673605 million of years.
> The 25 number of pieces inputted equals to intervals of 0.0356213983368025 million of years.
> The 50 number of pieces inputted equals to intervals of 0.0178106991684013 million of years.
> The 75 number of pieces inputted equals to intervals of 0.0118737994456008 million of years.
> The 100 number of pieces inputted equals to intervals of 0.00890534958420063 million of years.
> The 125 number of pieces inputted equals to intervals of 0.0071242796673605 million of years.
> The 25 number of pieces inputted equals to intervals of 0.0356213983368025 million of years.
> The 50 number of pieces inputted equals to intervals of 0.0178106991684013 million of years.
> The 75 number of pieces inputted equals to intervals of 0.0118737994456008 million of years.
> The 100 number of pieces inputted equals to intervals of 0.00890534958420063 million of years.
> The 125 number of pieces inputted equals to intervals of 0.0071242796673605 million of years.
> The 25 number of pieces inputted equals to intervals of 0.0587997469535784 million of years.
> The 50 number of pieces inputted equals to intervals of 0.0293998734767892 million of years.
> The 75 number of pieces inputted equals to intervals of 0.0195999156511928 million of years.
> The 100 number of pieces inputted equals to intervals of 0.0146999367383946 million of years.
> The 125 number of pieces inputted equals to intervals of 0.0117599493907157 million of years.
> The 25 number of pieces inputted equals to intervals of 0.0587997469535784 million of years.
> The 50 number of pieces inputted equals to intervals of 0.0293998734767892 million of years.
> The 75 number of pieces inputted equals to intervals of 0.0195999156511928 million of years.
> The 100 number of pieces inputted equals to intervals of 0.0146999367383946 million of years.
> The 125 number of pieces inputted equals to intervals of 0.0117599493907157 million of years.
> The 25 number of pieces inputted equals to intervals of 0.0587997469535784 million of years.
> The 50 number of pieces inputted equals to intervals of 0.0293998734767892 million of years.
> The 75 number of pieces inputted equals to intervals of 0.0195999156511928 million of years.
> The 100 number of pieces inputted equals to intervals of 0.0146999367383946 million of years.
> The 125 number of pieces inputted equals to intervals of 0.0117599493907157 million of years.
> The 25 number of pieces inputted equals to intervals of 0.0587997469535784 million of years.
> The 50 number of pieces inputted equals to intervals of 0.0293998734767892 million of years.
> The 75 number of pieces inputted equals to intervals of 0.0195999156511928 million of years.
> The 100 number of pieces inputted equals to intervals of 0.0146999367383946 million of years.
> The 125 number of pieces inputted equals to intervals of 0.0117599493907157 million of years.
> The 25 number of pieces inputted equals to intervals of 0.0591434661164391 million of years.
> The 50 number of pieces inputted equals to intervals of 0.0295717330582196 million of years.
> The 75 number of pieces inputted equals to intervals of 0.0197144887054797 million of years.
> The 100 number of pieces inputted equals to intervals of 0.0147858665291098 million of years.
> The 125 number of pieces inputted equals to intervals of 0.0118286932232878 million of years.
> The 25 number of pieces inputted equals to intervals of 0.0591434661164391 million of years.
> The 50 number of pieces inputted equals to intervals of 0.0295717330582196 million of years.
> The 75 number of pieces inputted equals to intervals of 0.0197144887054797 million of years.
> The 100 number of pieces inputted equals to intervals of 0.0147858665291098 million of years.
> The 125 number of pieces inputted equals to intervals of 0.0118286932232878 million of years.
> The 25 number of pieces inputted equals to intervals of 0.0591434661164391 million of years.
> The 50 number of pieces inputted equals to intervals of 0.0295717330582196 million of years.
> The 75 number of pieces inputted equals to intervals of 0.0197144887054797 million of years.
> The 100 number of pieces inputted equals to intervals of 0.0147858665291098 million of years.
> The 125 number of pieces inputted equals to intervals of 0.0118286932232878 million of years.
> The 25 number of pieces inputted equals to intervals of 0.0591434661164391 million of years.
> The 50 number of pieces inputted equals to intervals of 0.0295717330582196 million of years.
> The 75 number of pieces inputted equals to intervals of 0.0197144887054797 million of years.
> The 100 number of pieces inputted equals to intervals of 0.0147858665291098 million of years.
> The 125 number of pieces inputted equals to intervals of 0.0118286932232878 million of years.
> The 25 number of pieces inputted equals to intervals of 0.137665604224162 million of years.
> The 50 number of pieces inputted equals to intervals of 0.0688328021120811 million of years.
> The 75 number of pieces inputted equals to intervals of 0.0458885347413874 million of years.
> The 100 number of pieces inputted equals to intervals of 0.0344164010560406 million of years.
> The 125 number of pieces inputted equals to intervals of 0.0275331208448325 million of years.
> The 25 number of pieces inputted equals to intervals of 0.137665604224162 million of years.
> The 50 number of pieces inputted equals to intervals of 0.0688328021120811 million of years.
> The 75 number of pieces inputted equals to intervals of 0.0458885347413874 million of years.
> The 100 number of pieces inputted equals to intervals of 0.0344164010560406 million of years.
> The 125 number of pieces inputted equals to intervals of 0.0275331208448325 million of years.
> The 25 number of pieces inputted equals to intervals of 0.137665604224162 million of years.
> The 50 number of pieces inputted equals to intervals of 0.0688328021120811 million of years.
> The 75 number of pieces inputted equals to intervals of 0.0458885347413874 million of years.
> The 100 number of pieces inputted equals to intervals of 0.0344164010560406 million of years.
> The 125 number of pieces inputted equals to intervals of 0.0275331208448325 million of years.
> The 25 number of pieces inputted equals to intervals of 0.137665604224162 million of years.
> The 50 number of pieces inputted equals to intervals of 0.0688328021120811 million of years.
> The 75 number of pieces inputted equals to intervals of 0.0458885347413874 million of years.
> The 100 number of pieces inputted equals to intervals of 0.0344164010560406 million of years.
> The 125 number of pieces inputted equals to intervals of 0.0275331208448325 million of years.
> The 25 number of pieces inputted equals to intervals of 0.0330094729642041 million of years.
> The 50 number of pieces inputted equals to intervals of 0.016504736482102 million of years.
> The 75 number of pieces inputted equals to intervals of 0.0110031576547347 million of years.
> The 100 number of pieces inputted equals to intervals of 0.00825236824105102 million of years.
> The 125 number of pieces inputted equals to intervals of 0.00660189459284082 million of years.
> The 25 number of pieces inputted equals to intervals of 0.0330094729642041 million of years.
> The 50 number of pieces inputted equals to intervals of 0.016504736482102 million of years.
> The 75 number of pieces inputted equals to intervals of 0.0110031576547347 million of years.
> The 100 number of pieces inputted equals to intervals of 0.00825236824105102 million of years.
> The 125 number of pieces inputted equals to intervals of 0.00660189459284082 million of years.
> The 25 number of pieces inputted equals to intervals of 0.0330094729642041 million of years.
> The 50 number of pieces inputted equals to intervals of 0.016504736482102 million of years.
> The 75 number of pieces inputted equals to intervals of 0.0110031576547347 million of years.
> The 100 number of pieces inputted equals to intervals of 0.00825236824105102 million of years.
> The 125 number of pieces inputted equals to intervals of 0.00660189459284082 million of years.
> The 25 number of pieces inputted equals to intervals of 0.0330094729642041 million of years.
> The 50 number of pieces inputted equals to intervals of 0.016504736482102 million of years.
> The 75 number of pieces inputted equals to intervals of 0.0110031576547347 million of years.
> The 100 number of pieces inputted equals to intervals of 0.00825236824105102 million of years.
> The 125 number of pieces inputted equals to intervals of 0.00660189459284082 million of years.
> The 25 number of pieces inputted equals to intervals of 0.0361242209582726 million of years.
> The 50 number of pieces inputted equals to intervals of 0.0180621104791363 million of years.
> The 75 number of pieces inputted equals to intervals of 0.0120414069860909 million of years.
> The 100 number of pieces inputted equals to intervals of 0.00903105523956814 million of years.
> The 125 number of pieces inputted equals to intervals of 0.00722484419165451 million of years.
> The 25 number of pieces inputted equals to intervals of 0.0361242209582726 million of years.
> The 50 number of pieces inputted equals to intervals of 0.0180621104791363 million of years.
> The 75 number of pieces inputted equals to intervals of 0.0120414069860909 million of years.
> The 100 number of pieces inputted equals to intervals of 0.00903105523956814 million of years.
> The 125 number of pieces inputted equals to intervals of 0.00722484419165451 million of years.
> The 25 number of pieces inputted equals to intervals of 0.0361242209582726 million of years.
> The 50 number of pieces inputted equals to intervals of 0.0180621104791363 million of years.
> The 75 number of pieces inputted equals to intervals of 0.0120414069860909 million of years.
> The 100 number of pieces inputted equals to intervals of 0.00903105523956814 million of years.
> The 125 number of pieces inputted equals to intervals of 0.00722484419165451 million of years.
> The 25 number of pieces inputted equals to intervals of 0.0361242209582726 million of years.
> The 50 number of pieces inputted equals to intervals of 0.0180621104791363 million of years.
> The 75 number of pieces inputted equals to intervals of 0.0120414069860909 million of years.
> The 100 number of pieces inputted equals to intervals of 0.00903105523956814 million of years.
> The 125 number of pieces inputted equals to intervals of 0.00722484419165451 million of years.
> The 25 number of pieces inputted equals to intervals of 0.0909249103824719 million of years.
> The 50 number of pieces inputted equals to intervals of 0.045462455191236 million of years.
> The 75 number of pieces inputted equals to intervals of 0.030308303460824 million of years.
> The 100 number of pieces inputted equals to intervals of 0.022731227595618 million of years.
> The 125 number of pieces inputted equals to intervals of 0.0181849820764944 million of years.
> The 25 number of pieces inputted equals to intervals of 0.0909249103824719 million of years.
> The 50 number of pieces inputted equals to intervals of 0.045462455191236 million of years.
> The 75 number of pieces inputted equals to intervals of 0.030308303460824 million of years.
> The 100 number of pieces inputted equals to intervals of 0.022731227595618 million of years.
> The 125 number of pieces inputted equals to intervals of 0.0181849820764944 million of years.
> The 25 number of pieces inputted equals to intervals of 0.0909249103824719 million of years.
> The 50 number of pieces inputted equals to intervals of 0.045462455191236 million of years.
> The 75 number of pieces inputted equals to intervals of 0.030308303460824 million of years.
> The 100 number of pieces inputted equals to intervals of 0.022731227595618 million of years.
> The 125 number of pieces inputted equals to intervals of 0.0181849820764944 million of years.
> The 25 number of pieces inputted equals to intervals of 0.0909249103824719 million of years.
> The 50 number of pieces inputted equals to intervals of 0.045462455191236 million of years.
> The 75 number of pieces inputted equals to intervals of 0.030308303460824 million of years.
> The 100 number of pieces inputted equals to intervals of 0.022731227595618 million of years.
> The 125 number of pieces inputted equals to intervals of 0.0181849820764944 million of years.
> The 25 number of pieces inputted equals to intervals of 0.0959327740626447 million of years.
> The 50 number of pieces inputted equals to intervals of 0.0479663870313224 million of years.
> The 75 number of pieces inputted equals to intervals of 0.0319775913542149 million of years.
> The 100 number of pieces inputted equals to intervals of 0.0239831935156612 million of years.
> The 125 number of pieces inputted equals to intervals of 0.0191865548125289 million of years.
> The 25 number of pieces inputted equals to intervals of 0.0959327740626447 million of years.
> The 50 number of pieces inputted equals to intervals of 0.0479663870313224 million of years.
> The 75 number of pieces inputted equals to intervals of 0.0319775913542149 million of years.
> The 100 number of pieces inputted equals to intervals of 0.0239831935156612 million of years.
> The 125 number of pieces inputted equals to intervals of 0.0191865548125289 million of years.
> The 25 number of pieces inputted equals to intervals of 0.0959327740626447 million of years.
> The 50 number of pieces inputted equals to intervals of 0.0479663870313224 million of years.
> The 75 number of pieces inputted equals to intervals of 0.0319775913542149 million of years.
> The 100 number of pieces inputted equals to intervals of 0.0239831935156612 million of years.
> The 125 number of pieces inputted equals to intervals of 0.0191865548125289 million of years.
> The 25 number of pieces inputted equals to intervals of 0.0959327740626447 million of years.
> The 50 number of pieces inputted equals to intervals of 0.0479663870313224 million of years.
> The 75 number of pieces inputted equals to intervals of 0.0319775913542149 million of years.
> The 100 number of pieces inputted equals to intervals of 0.0239831935156612 million of years.
> The 125 number of pieces inputted equals to intervals of 0.0191865548125289 million of years.
> The 25 number of pieces inputted equals to intervals of 0.105000095316014 million of years.
> The 50 number of pieces inputted equals to intervals of 0.0525000476580068 million of years.
> The 75 number of pieces inputted equals to intervals of 0.0350000317720045 million of years.
> The 100 number of pieces inputted equals to intervals of 0.0262500238290034 million of years.
> The 125 number of pieces inputted equals to intervals of 0.0210000190632027 million of years.
> The 25 number of pieces inputted equals to intervals of 0.105000095316014 million of years.
> The 50 number of pieces inputted equals to intervals of 0.0525000476580068 million of years.
> The 75 number of pieces inputted equals to intervals of 0.0350000317720045 million of years.
> The 100 number of pieces inputted equals to intervals of 0.0262500238290034 million of years.
> The 125 number of pieces inputted equals to intervals of 0.0210000190632027 million of years.
> The 25 number of pieces inputted equals to intervals of 0.105000095316014 million of years.
> The 50 number of pieces inputted equals to intervals of 0.0525000476580068 million of years.
> The 75 number of pieces inputted equals to intervals of 0.0350000317720045 million of years.
> The 100 number of pieces inputted equals to intervals of 0.0262500238290034 million of years.
> The 125 number of pieces inputted equals to intervals of 0.0210000190632027 million of years.
> The 25 number of pieces inputted equals to intervals of 0.105000095316014 million of years.
> The 50 number of pieces inputted equals to intervals of 0.0525000476580068 million of years.
> The 75 number of pieces inputted equals to intervals of 0.0350000317720045 million of years.
> The 100 number of pieces inputted equals to intervals of 0.0262500238290034 million of years.
> The 125 number of pieces inputted equals to intervals of 0.0210000190632027 million of years.
> The 10 number of pieces inputted equals to intervals of 0.190643393608296 million of years.
> The 25 number of pieces inputted equals to intervals of 0.0762573574433184 million of years.
> The 50 number of pieces inputted equals to intervals of 0.0381286787216592 million of years.
> The 75 number of pieces inputted equals to intervals of 0.0254191191477728 million of years.
> The 100 number of pieces inputted equals to intervals of 0.0190643393608296 million of years.
> The 10 number of pieces inputted equals to intervals of 0.132805239750485 million of years.
> The 25 number of pieces inputted equals to intervals of 0.0531220959001939 million of years.
> The 50 number of pieces inputted equals to intervals of 0.0265610479500969 million of years.
> The 75 number of pieces inputted equals to intervals of 0.0177073653000646 million of years.
> The 100 number of pieces inputted equals to intervals of 0.0132805239750485 million of years.
> The 10 number of pieces inputted equals to intervals of 0.134245511468386 million of years.
> The 25 number of pieces inputted equals to intervals of 0.0536982045873545 million of years.
> The 50 number of pieces inputted equals to intervals of 0.0268491022936773 million of years.
> The 75 number of pieces inputted equals to intervals of 0.0178994015291182 million of years.
> The 100 number of pieces inputted equals to intervals of 0.0134245511468386 million of years.
> The 10 number of pieces inputted equals to intervals of 0.263561913056815 million of years.
> The 25 number of pieces inputted equals to intervals of 0.105424765222726 million of years.
> The 50 number of pieces inputted equals to intervals of 0.052712382611363 million of years.
> The 75 number of pieces inputted equals to intervals of 0.0351415884075754 million of years.
> The 100 number of pieces inputted equals to intervals of 0.0263561913056815 million of years.
> The 10 number of pieces inputted equals to intervals of 0.196967855908108 million of years.
> The 25 number of pieces inputted equals to intervals of 0.0787871423632432 million of years.
> The 50 number of pieces inputted equals to intervals of 0.0393935711816216 million of years.
> The 75 number of pieces inputted equals to intervals of 0.0262623807877477 million of years.
> The 100 number of pieces inputted equals to intervals of 0.0196967855908108 million of years.
> The 10 number of pieces inputted equals to intervals of 0.19559589497328 million of years.
> The 25 number of pieces inputted equals to intervals of 0.0782383579893118 million of years.
> The 50 number of pieces inputted equals to intervals of 0.0391191789946559 million of years.
> The 75 number of pieces inputted equals to intervals of 0.0260794526631039 million of years.
> The 100 number of pieces inputted equals to intervals of 0.019559589497328 million of years.
> The 10 number of pieces inputted equals to intervals of 0.149268218081623 million of years.
> The 25 number of pieces inputted equals to intervals of 0.0597072872326493 million of years.
> The 50 number of pieces inputted equals to intervals of 0.0298536436163246 million of years.
> The 75 number of pieces inputted equals to intervals of 0.0199024290775498 million of years.
> The 100 number of pieces inputted equals to intervals of 0.0149268218081623 million of years.
> The 10 number of pieces inputted equals to intervals of 0.701102085763017 million of years.
> The 25 number of pieces inputted equals to intervals of 0.280440834305207 million of years.
> The 50 number of pieces inputted equals to intervals of 0.140220417152603 million of years.
> The 75 number of pieces inputted equals to intervals of 0.0934802781017356 million of years.
> The 100 number of pieces inputted equals to intervals of 0.0701102085763017 million of years.
> The 10 number of pieces inputted equals to intervals of 0.15931873268224 million of years.
> The 25 number of pieces inputted equals to intervals of 0.0637274930728959 million of years.
> The 50 number of pieces inputted equals to intervals of 0.0318637465364479 million of years.
> The 75 number of pieces inputted equals to intervals of 0.0212424976909653 million of years.
> The 100 number of pieces inputted equals to intervals of 0.015931873268224 million of years.
> The 10 number of pieces inputted equals to intervals of 0.299547674471017 million of years.
> The 25 number of pieces inputted equals to intervals of 0.119819069788407 million of years.
> The 50 number of pieces inputted equals to intervals of 0.0599095348942034 million of years.
> The 75 number of pieces inputted equals to intervals of 0.0399396899294689 million of years.
> The 100 number of pieces inputted equals to intervals of 0.0299547674471017 million of years.
> The 10 number of pieces inputted equals to intervals of 0.136761353334981 million of years.
> The 25 number of pieces inputted equals to intervals of 0.0547045413339925 million of years.
> The 50 number of pieces inputted equals to intervals of 0.0273522706669963 million of years.
> The 75 number of pieces inputted equals to intervals of 0.0182348471113308 million of years.
> The 100 number of pieces inputted equals to intervals of 0.0136761353334981 million of years.
> The 10 number of pieces inputted equals to intervals of 0.159112036631164 million of years.
> The 25 number of pieces inputted equals to intervals of 0.0636448146524654 million of years.
> The 50 number of pieces inputted equals to intervals of 0.0318224073262327 million of years.
> The 75 number of pieces inputted equals to intervals of 0.0212149382174885 million of years.
> The 100 number of pieces inputted equals to intervals of 0.0159112036631164 million of years.
> The 10 number of pieces inputted equals to intervals of 0.210552224678469 million of years.
> The 25 number of pieces inputted equals to intervals of 0.0842208898713875 million of years.
> The 50 number of pieces inputted equals to intervals of 0.0421104449356937 million of years.
> The 75 number of pieces inputted equals to intervals of 0.0280736299571292 million of years.
> The 100 number of pieces inputted equals to intervals of 0.0210552224678469 million of years.
> The 10 number of pieces inputted equals to intervals of 0.191985975389453 million of years.
> The 25 number of pieces inputted equals to intervals of 0.0767943901557814 million of years.
> The 50 number of pieces inputted equals to intervals of 0.0383971950778907 million of years.
> The 75 number of pieces inputted equals to intervals of 0.0255981300519271 million of years.
> The 100 number of pieces inputted equals to intervals of 0.0191985975389453 million of years.
> The 10 number of pieces inputted equals to intervals of 0.274917833478492 million of years.
> The 25 number of pieces inputted equals to intervals of 0.109967133391397 million of years.
> The 50 number of pieces inputted equals to intervals of 0.0549835666956984 million of years.
> The 75 number of pieces inputted equals to intervals of 0.0366557111304656 million of years.
> The 100 number of pieces inputted equals to intervals of 0.0274917833478492 million of years.
> The 10 number of pieces inputted equals to intervals of 0.190557336525124 million of years.
> The 25 number of pieces inputted equals to intervals of 0.0762229346100497 million of years.
> The 50 number of pieces inputted equals to intervals of 0.0381114673050248 million of years.
> The 75 number of pieces inputted equals to intervals of 0.0254076448700166 million of years.
> The 100 number of pieces inputted equals to intervals of 0.0190557336525124 million of years.
> The 10 number of pieces inputted equals to intervals of 0.329612969834737 million of years.
> The 25 number of pieces inputted equals to intervals of 0.131845187933895 million of years.
> The 50 number of pieces inputted equals to intervals of 0.0659225939669473 million of years.
> The 75 number of pieces inputted equals to intervals of 0.0439483959779649 million of years.
> The 100 number of pieces inputted equals to intervals of 0.0329612969834737 million of years.
> The 10 number of pieces inputted equals to intervals of 0.232967981711667 million of years.
> The 25 number of pieces inputted equals to intervals of 0.0931871926846669 million of years.
> The 50 number of pieces inputted equals to intervals of 0.0465935963423334 million of years.
> The 75 number of pieces inputted equals to intervals of 0.0310623975615556 million of years.
> The 100 number of pieces inputted equals to intervals of 0.0232967981711667 million of years.
> The 10 number of pieces inputted equals to intervals of 0.0986985590102834 million of years.
> The 25 number of pieces inputted equals to intervals of 0.0394794236041134 million of years.
> The 50 number of pieces inputted equals to intervals of 0.0197397118020567 million of years.
> The 75 number of pieces inputted equals to intervals of 0.0131598078680378 million of years.
> The 100 number of pieces inputted equals to intervals of 0.00986985590102834 million of years.
> The 10 number of pieces inputted equals to intervals of 0.128662119193548 million of years.
> The 25 number of pieces inputted equals to intervals of 0.0514648476774193 million of years.
> The 50 number of pieces inputted equals to intervals of 0.0257324238387096 million of years.
> The 75 number of pieces inputted equals to intervals of 0.0171549492258064 million of years.
> The 100 number of pieces inputted equals to intervals of 0.0128662119193548 million of years.
> The 41 number of pieces inputted equals to intervals of 0.031387240258787 million of years.
> The 37 number of pieces inputted equals to intervals of 0.0286941685929196 million of years.
> The 29 number of pieces inputted equals to intervals of 0.033048525528411 million of years.
> The 42 number of pieces inputted equals to intervals of 0.0567560858681312 million of years.
> The 4 number of pieces inputted equals to intervals of 0.260191514663609 million of years.
> The 15 number of pieces inputted equals to intervals of 0.321254820668982 million of years.
> The 11 number of pieces inputted equals to intervals of 0.194554756846927 million of years.
> The 12 number of pieces inputted equals to intervals of 0.0690625091120102 million of years.
> The 19 number of pieces inputted equals to intervals of 0.0559004519694002 million of years.
> The 6 number of pieces inputted equals to intervals of 0.25058729704181 million of years.
> The 43 number of pieces inputted equals to intervals of 0.0116349257095101 million of years.
> The 17 number of pieces inputted equals to intervals of 0.208567621204329 million of years.
> The 24 number of pieces inputted equals to intervals of 0.174033286903884 million of years.
> The 30 number of pieces inputted equals to intervals of 0.0402564507310437 million of years.
> The 20 number of pieces inputted equals to intervals of 0.0651773742109512 million of years.
> The 7 number of pieces inputted equals to intervals of 0.149759364339012 million of years.
> The 21 number of pieces inputted equals to intervals of 0.137523829475845 million of years.
> The 34 number of pieces inputted equals to intervals of 0.0474099685335662 million of years.
> The 3 number of pieces inputted equals to intervals of 0.48007309024721 million of years.
> The 46 number of pieces inputted equals to intervals of 0.0551480470325149 million of years.
> The 12 number of pieces inputted equals to intervals of 0.202317376215697 million of years.
> The 12 number of pieces inputted equals to intervals of 0.202317376215697 million of years.
> The 12 number of pieces inputted equals to intervals of 0.202317376215697 million of years.
> The 12 number of pieces inputted equals to intervals of 0.202317376215697 million of years.
> The 15 number of pieces inputted equals to intervals of 0.111174003257572 million of years.
> The 15 number of pieces inputted equals to intervals of 0.111174003257572 million of years.
> The 15 number of pieces inputted equals to intervals of 0.111174003257572 million of years.
> The 15 number of pieces inputted equals to intervals of 0.111174003257572 million of years.
> The 5 number of pieces inputted equals to intervals of 0.531238207493634 million of years.
> The 5 number of pieces inputted equals to intervals of 0.531238207493634 million of years.
> The 5 number of pieces inputted equals to intervals of 0.531238207493634 million of years.
> The 5 number of pieces inputted equals to intervals of 0.531238207493634 million of years.
> The 12 number of pieces inputted equals to intervals of 0.119673942639734 million of years.
> The 12 number of pieces inputted equals to intervals of 0.119673942639734 million of years.
> The 12 number of pieces inputted equals to intervals of 0.119673942639734 million of years.
> The 12 number of pieces inputted equals to intervals of 0.119673942639734 million of years.
> The 7 number of pieces inputted equals to intervals of 0.696947486466166 million of years.
> The 7 number of pieces inputted equals to intervals of 0.696947486466166 million of years.
> The 7 number of pieces inputted equals to intervals of 0.696947486466166 million of years.
> The 7 number of pieces inputted equals to intervals of 0.696947486466166 million of years.
> The 15 number of pieces inputted equals to intervals of 0.161829493984916 million of years.
> The 15 number of pieces inputted equals to intervals of 0.161829493984916 million of years.
> The 15 number of pieces inputted equals to intervals of 0.161829493984916 million of years.
> The 15 number of pieces inputted equals to intervals of 0.161829493984916 million of years.
> The 15 number of pieces inputted equals to intervals of 0.115629217769331 million of years.
> The 15 number of pieces inputted equals to intervals of 0.115629217769331 million of years.
> The 15 number of pieces inputted equals to intervals of 0.115629217769331 million of years.
> The 15 number of pieces inputted equals to intervals of 0.115629217769331 million of years.
> The 13 number of pieces inputted equals to intervals of 0.153103296035333 million of years.
> The 13 number of pieces inputted equals to intervals of 0.153103296035333 million of years.
> The 13 number of pieces inputted equals to intervals of 0.153103296035333 million of years.
> The 13 number of pieces inputted equals to intervals of 0.153103296035333 million of years.
> The 8 number of pieces inputted equals to intervals of 0.101329546739535 million of years.
> The 8 number of pieces inputted equals to intervals of 0.101329546739535 million of years.
> The 8 number of pieces inputted equals to intervals of 0.101329546739535 million of years.
> The 8 number of pieces inputted equals to intervals of 0.101329546739535 million of years.
> The 12 number of pieces inputted equals to intervals of 0.0832732420030356 million of years.
> The 12 number of pieces inputted equals to intervals of 0.0832732420030356 million of years.
> The 12 number of pieces inputted equals to intervals of 0.0832732420030356 million of years.
> The 12 number of pieces inputted equals to intervals of 0.0832732420030356 million of years.
> The 15 number of pieces inputted equals to intervals of 0.135303939350224 million of years.
> The 15 number of pieces inputted equals to intervals of 0.135303939350224 million of years.
> The 15 number of pieces inputted equals to intervals of 0.135303939350224 million of years.
> The 15 number of pieces inputted equals to intervals of 0.135303939350224 million of years.
> The 13 number of pieces inputted equals to intervals of 0.220308543520894 million of years.
> The 13 number of pieces inputted equals to intervals of 0.220308543520894 million of years.
> The 13 number of pieces inputted equals to intervals of 0.220308543520894 million of years.
> The 13 number of pieces inputted equals to intervals of 0.220308543520894 million of years.
> The 13 number of pieces inputted equals to intervals of 0.182752409798018 million of years.
> The 13 number of pieces inputted equals to intervals of 0.182752409798018 million of years.
> The 13 number of pieces inputted equals to intervals of 0.182752409798018 million of years.
> The 13 number of pieces inputted equals to intervals of 0.182752409798018 million of years.
> The 12 number of pieces inputted equals to intervals of 0.0905166092009043 million of years.
> The 12 number of pieces inputted equals to intervals of 0.0905166092009043 million of years.
> The 12 number of pieces inputted equals to intervals of 0.0905166092009043 million of years.
> The 12 number of pieces inputted equals to intervals of 0.0905166092009043 million of years.
> The 15 number of pieces inputted equals to intervals of 0.0793453654174786 million of years.
> The 15 number of pieces inputted equals to intervals of 0.0793453654174786 million of years.
> The 15 number of pieces inputted equals to intervals of 0.0793453654174786 million of years.
> The 15 number of pieces inputted equals to intervals of 0.0793453654174786 million of years.
> The 14 number of pieces inputted equals to intervals of 0.114997288208934 million of years.
> The 14 number of pieces inputted equals to intervals of 0.114997288208934 million of years.
> The 14 number of pieces inputted equals to intervals of 0.114997288208934 million of years.
> The 14 number of pieces inputted equals to intervals of 0.114997288208934 million of years.
> The 10 number of pieces inputted equals to intervals of 0.309978730045344 million of years.
> The 10 number of pieces inputted equals to intervals of 0.309978730045344 million of years.
> The 10 number of pieces inputted equals to intervals of 0.309978730045344 million of years.
> The 10 number of pieces inputted equals to intervals of 0.309978730045344 million of years.
> The 6 number of pieces inputted equals to intervals of 0.254709153134112 million of years.
> The 6 number of pieces inputted equals to intervals of 0.254709153134112 million of years.
> The 6 number of pieces inputted equals to intervals of 0.254709153134112 million of years.
> The 6 number of pieces inputted equals to intervals of 0.254709153134112 million of years.
> The 12 number of pieces inputted equals to intervals of 0.217063475766573 million of years.
> The 12 number of pieces inputted equals to intervals of 0.217063475766573 million of years.
> The 12 number of pieces inputted equals to intervals of 0.217063475766573 million of years.
> The 12 number of pieces inputted equals to intervals of 0.217063475766573 million of years.
> The 8 number of pieces inputted equals to intervals of 0.329854107293842 million of years.
> The 8 number of pieces inputted equals to intervals of 0.329854107293842 million of years.
> The 8 number of pieces inputted equals to intervals of 0.329854107293842 million of years.
> The 8 number of pieces inputted equals to intervals of 0.329854107293842 million of years.
[ FAIL 1 | WARN 0 | SKIP 0 | PASS 1743 ]
══ Failed tests ════════════════════════════════════════════════════════════════
── Error ('test-CpB.R:34:5'): CpB returns the expected data frame size using any beta component ──
Error in `{
if (nrow(commu) >= 2 & ncol(commu) >= 2 & all(commu == 1) ==
FALSE & all(commu == 0) == FALSE) {
comb_commus <- t(apply(utils::combn(nrow(commu), 2),
2, function(x) colSums(commu[x, ]) > 0))
species <- colnames(commu)
commus_nodes <- apply(commu, 1, function(x) {
present_obs <- species[x > 0]
spps <- which(colnames(tree$node_matrix) %in% present_obs)
if (length(spps) == 1) {
nodes <- as.numeric(names(which(rowSums(as.data.frame(tree$node_matrix[,
spps])) > 0)))
}
else {
nodes <- as.numeric(names(which(rowSums(tree$node_matrix[,
spps]) > 0)))
}
lines_prs <- which(tree$edge[, 1] %in% nodes & tree$edge[,
2] %in% c(spps, nodes))
})
p_commus_nodes <- lapply(1:nrow(comb_commus), function(x) {
present_obs <- species[comb_commus[x, ] > 0]
spps <- which(colnames(tree$node_matrix) %in% present_obs)
if (length(spps) == 1) {
nodes <- as.numeric(names(which(rowSums(as.data.frame(tree$node_matrix[,
spps])) > 0)))
}
else {
nodes <- as.numeric(names(which(rowSums(tree$node_matrix[,
spps]) > 0)))
}
lines_prs <- which(tree$edge[, 1] %in% nodes & tree$edge[,
2] %in% c(spps, nodes))
})
pd_assemblages <- sapply(1:length(commus_nodes), function(x) {
return(sum(tree$edge.length[commus_nodes[[x]]]))
})
pw_pd_assemblages <- sapply(1:length(p_commus_nodes),
function(x) {
return(sum(tree$edge.length[p_commus_nodes[[x]]]))
})
if (comp == "sorensen") {
if (method == "pairwise") {
bc_sum <- apply(pw_pd_assemblages - t(utils::combn(pd_assemblages,
2)), 1, sum)
a <- pw_pd_assemblages - bc_sum
pbd <- bc_sum/((2 * a) + bc_sum)
}
if (method == "multisite") {
t_commus_nodes <- apply(t(as.matrix(colSums(commu) >
0)), 1, function(x) {
present_obs <- species[x > 0]
spps <- which(colnames(tree$node_matrix) %in%
present_obs)
nodes <- as.numeric(names(which(rowSums(tree$node_matrix[,
spps]) > 0)))
lines_prs <- which(tree$edge[, 1] %in% nodes &
tree$edge[, 2] %in% c(spps, nodes))
})
t_pd_assemblages <- sum(tree$edge.length[t_commus_nodes])
bc_sum <- sum(pw_pd_assemblages - t(utils::combn(pd_assemblages,
2)))
a <- sum(sum(pd_assemblages) - t_pd_assemblages)
pbd <- bc_sum/((2 * a) + bc_sum)
}
}
if (comp == "sorensen") {
CpB <- sapply(branch_pieces, function(x) {
pd_piece <- sapply(1:length(commus_nodes), function(y) {
return(sum(x$edge.length[commus_nodes[[y]]]))
})
pd_pw_piece <- sapply(1:length(p_commus_nodes),
function(y) {
return(sum(x$edge.length[p_commus_nodes[[y]]]))
})
if (method == "pairwise") {
r_bc_sum <- apply(pd_pw_piece - t(utils::combn(pd_piece,
2)), 1, sum)
r_pbd <- r_bc_sum/((2 * a) + bc_sum)
}
if (method == "multisite") {
r_bc_sum <- sum(pd_pw_piece - t(utils::combn(pd_piece,
2)))
r_pbd <- r_bc_sum/((2 * a) + bc_sum)
}
return(r_pbd/pbd)
})
}
if (comp == "turnover") {
if (method == "pairwise") {
min_bc <- apply(pw_pd_assemblages - t(utils::combn(pd_assemblages,
2)), 1, min)
bc_sum <- apply(pw_pd_assemblages - t(utils::combn(pd_assemblages,
2)), 1, sum)
a <- pw_pd_assemblages - bc_sum
g_turn <- mean(min_bc/(a + min_bc))
turn <- mean(min_bc)
}
if (method == "multisite") {
t_commus_nodes <- apply(t(as.matrix(colSums(commu) >
0)), 1, function(x) {
present_obs <- species[x > 0]
spps <- which(colnames(tree$node_matrix) %in%
present_obs)
nodes <- as.numeric(names(which(rowSums(tree$node_matrix[,
spps]) > 0)))
lines_prs <- which(tree$edge[, 1] %in% nodes &
tree$edge[, 2] %in% c(spps, nodes))
})
t_pd_assemblages <- sum(tree$edge.length[t_commus_nodes])
bc_sum <- sum(pw_pd_assemblages - t(utils::combn(pd_assemblages,
2)))
a <- sum(sum(pd_assemblages) - t_pd_assemblages)
turn <- sum(apply(pw_pd_assemblages - t(utils::combn(pd_assemblages,
2)), 1, min))
g_turn <- turn/(a + turn)
}
}
if (comp == "turnover") {
CpB <- sapply(branch_pieces, function(x) {
piece <- sapply(1:length(commus_nodes), function(y) {
return(sum(x$edge.length[commus_nodes[[y]]]))
})
pw_piece <- sapply(1:length(p_commus_nodes),
function(y) {
return(sum(x$edge.length[p_commus_nodes[[y]]]))
})
if (method == "pairwise") {
r_turn <- mean(apply(pw_piece - t(utils::combn(piece,
2)), 1, min))/turn
}
if (method == "multisite") {
r_turn <- sum(apply(pw_piece - t(utils::combn(piece,
2)), 1, min))/turn
}
return(r_turn)
})
}
if (comp == "nestedness") {
if (method == "pairwise") {
bc_sum <- apply(pw_pd_assemblages - t(utils::combn(pd_assemblages,
2)), 1, sum)
a <- pw_pd_assemblages - bc_sum
min_bc <- apply(pw_pd_assemblages - t(utils::combn(pd_assemblages,
2)), 1, min)
pbd <- bc_sum/((2 * a) + bc_sum)
turn <- min_bc/(a + min_bc)
nest <- mean(pbd - turn)
}
if (method == "multisite") {
t_commus_nodes <- apply(t(as.matrix(colSums(commu) >
0)), 1, function(x) {
present_obs <- species[x > 0]
spps <- which(colnames(tree$node_matrix) %in%
present_obs)
nodes <- as.numeric(names(which(rowSums(tree$node_matrix[,
spps]) > 0)))
lines_prs <- which(tree$edge[, 1] %in% nodes &
tree$edge[, 2] %in% c(spps, nodes))
})
t_pd_assemblages <- sum(tree$edge.length[t_commus_nodes])
bc_sum <- sum(pw_pd_assemblages - t(utils::combn(pd_assemblages,
2)))
a <- sum(sum(pd_assemblages) - t_pd_assemblages)
min_bc <- sum(apply(pw_pd_assemblages - t(utils::combn(pd_assemblages,
2)), 1, min))
pbd <- bc_sum/((2 * a) + bc_sum)
turn <- min_bc/(a + min_bc)
nest <- pbd - turn
}
}
if (comp == "nestedness") {
CpB <- sapply(branch_pieces, function(x) {
pd_piece <- sapply(1:length(commus_nodes), function(y) {
return(sum(x$edge.length[commus_nodes[[y]]]))
})
pd_pw_piece <- sapply(1:length(p_commus_nodes),
function(y) {
return(sum(x$edge.length[p_commus_nodes[[y]]]))
})
if (method == "pairwise") {
r_bc_sum <- apply(pd_pw_piece - t(utils::combn(pd_piece,
2)), 1, sum)
r_min_bc <- apply(pd_pw_piece - t(utils::combn(pd_piece,
2)), 1, min)
r_pbd <- r_bc_sum/((2 * a) + bc_sum)
r_turn <- r_min_bc/(a + min_bc)
r_nest <- mean(r_pbd - r_turn)
}
if (method == "multisite") {
r_bc_sum <- sum(pd_pw_piece - t(utils::combn(pd_piece,
2)))
r_min_bc <- sum(apply(pd_pw_piece - t(utils::combn(pd_piece,
2)), 1, min))
r_pbd <- r_bc_sum/((2 * a) + bc_sum)
r_turn <- r_min_bc/(a + min_bc)
r_nest <- r_pbd - r_turn
}
return(r_nest/nest)
})
}
if (is.na(CpB[1]) == FALSE) {
nonlinear_cum <- stats::nls(cumsum(CpB) ~ exp(-r *
age), start = list(r = 0.2), control = stats::nls.control(maxiter = 1000))
if (comp == "sorensen") {
return(c(stats::coef(nonlinear_cum), pbd, ((-1) *
(log(pBO/100)/stats::coef(nonlinear_cum)))))
}
if (comp == "turnover") {
return(c(stats::coef(nonlinear_cum), g_turn,
((-1) * (log(pBO/100)/stats::coef(nonlinear_cum)))))
}
if (comp == "nestedness") {
return(c(stats::coef(nonlinear_cum), nest, ((-1) *
(log(pBO/100)/stats::coef(nonlinear_cum)))))
}
}
else {
return(c(NA, NA, NA))
}
}
else {
return(c(NA, NA, NA))
}
}`: task 5 failed - "Missing value or an infinity produced when evaluating the model"
Backtrace:
▆
1. ├─base::suppressWarnings(...) at test-CpB.R:31:3
2. │ └─base::withCallingHandlers(...)
3. └─treesliceR::CpB(...) at test-CpB.R:34:5
4. └─foreach::foreach(commu = asb, .combine = rbind) %do% ...
5. └─e$fun(obj, substitute(ex), parent.frame(), e$data)
[ FAIL 1 | WARN 0 | SKIP 0 | PASS 1743 ]
Error: Test failures
Execution halted
Flavor: r-devel-linux-x86_64-debian-gcc