Last updated on 2025-05-21 04:49:57 CEST.
Flavor | Version | Tinstall | Tcheck | Ttotal | Status | Flags |
---|---|---|---|---|---|---|
r-devel-linux-x86_64-debian-clang | 0.1.1 | 4.01 | 43.79 | 47.80 | NOTE | |
r-devel-linux-x86_64-debian-gcc | 0.1.1 | 2.88 | 32.01 | 34.89 | NOTE | |
r-devel-linux-x86_64-fedora-clang | 0.1.1 | 71.99 | OK | |||
r-devel-linux-x86_64-fedora-gcc | 0.1.1 | 67.60 | OK | |||
r-devel-windows-x86_64 | 0.1.1 | 5.00 | 67.00 | 72.00 | OK | |
r-patched-linux-x86_64 | 0.1.1 | 3.72 | 39.24 | 42.96 | OK | |
r-release-linux-x86_64 | 0.1.1 | 3.88 | 39.43 | 43.31 | OK | |
r-release-macos-arm64 | 0.1.1 | 27.00 | OK | |||
r-release-macos-x86_64 | 0.1.1 | 45.00 | OK | |||
r-release-windows-x86_64 | 0.1.1 | 5.00 | 68.00 | 73.00 | OK | |
r-oldrel-macos-arm64 | 0.1.1 | 23.00 | OK | |||
r-oldrel-macos-x86_64 | 0.1.1 | 41.00 | OK | |||
r-oldrel-windows-x86_64 | 0.1.1 | 7.00 | 68.00 | 75.00 | OK |
Version: 0.1.1
Check: CRAN incoming feasibility
Result: NOTE
Maintainer: ‘Josef Fruehwald <jofrhwld@gmail.com>’
No Authors@R field in DESCRIPTION.
Please add one, modifying
Authors@R: person(given = "Josef",
family = "Fruehwald",
role = c("aut", "cre"),
email = "jofrhwld@gmail.com")
as necessary.
Flavors: r-devel-linux-x86_64-debian-clang, r-devel-linux-x86_64-debian-gcc