CRAN Package Check Results for Package surveyPrev

Last updated on 2025-05-21 04:49:57 CEST.

Flavor Version Tinstall Tcheck Ttotal Status Flags
r-devel-linux-x86_64-debian-clang 1.0.0 46.79 356.16 402.95 OK
r-devel-linux-x86_64-debian-gcc 1.0.0 30.40 231.84 262.24 OK
r-devel-linux-x86_64-fedora-clang 1.0.0 643.26 OK
r-devel-linux-x86_64-fedora-gcc 1.0.0 636.18 OK
r-devel-windows-x86_64 1.0.0 44.00 307.00 351.00 OK
r-patched-linux-x86_64 1.0.0 44.31 332.79 377.10 OK
r-release-linux-x86_64 1.0.0 47.10 334.77 381.87 OK
r-release-macos-arm64 1.0.0 146.00 OK
r-release-macos-x86_64 1.0.0 288.00 OK
r-release-windows-x86_64 1.0.0 43.00 0.00 43.00 FAIL
r-oldrel-macos-arm64 1.0.0 136.00 NOTE
r-oldrel-macos-x86_64 1.0.0 212.00 NOTE
r-oldrel-windows-x86_64 1.0.0 62.00 385.00 447.00 NOTE

Check Details

Version: 1.0.0
Check: PDF version of manual
Result: FAIL Check process probably crashed or hung up for 20 minutes ... killed Most likely this happened in the example checks (?), if not, ignore the following last lines of example output: > ### ph_wtr_basic "Basic water service" PR > ### Aliases: watersource_adj > > ### ** Examples > > ## Not run: > ##D dhsData <- getDHSdata(country = "Zambia", > ##D indicator = "WS_SRCE_P_BAS", > ##D year = 2018) > ##D data <- getDHSindicator(dhsData, indicator = NULL, > ##D FUN = surveyPrev::watersource_adj) > ## End(Not run) > > > > ### * <FOOTER> > ### > cleanEx() > options(digits = 7L) > base::cat("Time elapsed: ", proc.time() - base::get("ptime", pos = 'CheckExEnv'),"\n") Time elapsed: 29.82 0.86 30.67 NA NA > grDevices::dev.off() null device 1 > ### > ### Local variables: *** > ### mode: outline-minor *** > ### outline-regexp: "\\(> \\)?### [*]+" *** > ### End: *** > quit('no') ======== End of example output (where/before crash/hang up occured ?) ======== Flavor: r-release-windows-x86_64

Version: 1.0.0
Check: package dependencies
Result: NOTE Package suggested but not available for checking: ‘INLA’ Flavors: r-oldrel-macos-arm64, r-oldrel-macos-x86_64

Version: 1.0.0
Check: installed package size
Result: NOTE installed size is 5.9Mb sub-directories of 1Mb or more: data 3.0Mb doc 2.5Mb Flavors: r-oldrel-macos-arm64, r-oldrel-macos-x86_64, r-oldrel-windows-x86_64