Last updated on 2025-05-20 03:50:26 CEST.
Flavor | Version | Tinstall | Tcheck | Ttotal | Status | Flags |
---|---|---|---|---|---|---|
r-devel-linux-x86_64-debian-clang | 0.7.2 | 3.42 | 74.92 | 78.34 | NOTE | |
r-devel-linux-x86_64-debian-gcc | 0.7.2 | 3.04 | 53.40 | 56.44 | NOTE | |
r-devel-linux-x86_64-fedora-clang | 0.7.2 | 124.47 | OK | |||
r-devel-linux-x86_64-fedora-gcc | 0.7.2 | 143.77 | OK | |||
r-devel-windows-x86_64 | 0.7.2 | 5.00 | 123.00 | 128.00 | OK | |
r-patched-linux-x86_64 | 0.7.2 | 2.85 | 70.05 | 72.90 | OK | |
r-release-linux-x86_64 | 0.7.2 | 3.77 | 69.77 | 73.54 | OK | |
r-release-macos-arm64 | 0.7.2 | 70.00 | OK | |||
r-release-macos-x86_64 | 0.7.2 | 114.00 | OK | |||
r-release-windows-x86_64 | 0.7.2 | 6.00 | 107.00 | 113.00 | OK | |
r-oldrel-macos-arm64 | 0.7.2 | 58.00 | OK | |||
r-oldrel-macos-x86_64 | 0.7.2 | 84.00 | OK | |||
r-oldrel-windows-x86_64 | 0.7.2 | 7.00 | 121.00 | 128.00 | OK |
Version: 0.7.2
Check: CRAN incoming feasibility
Result: NOTE
Maintainer: ‘Alexander Fischer <alexander-fischer1801@t-online.de>’
The Description field contains
2022; <arXiv:2205.03288v1>).
Please refer to arXiv e-prints via their arXiv DOI <doi:10.48550/arXiv.YYMM.NNNNN>.
Flavors: r-devel-linux-x86_64-debian-clang, r-devel-linux-x86_64-debian-gcc