Last updated on 2025-05-21 04:49:55 CEST.
Flavor | Version | Tinstall | Tcheck | Ttotal | Status | Flags |
---|---|---|---|---|---|---|
r-devel-linux-x86_64-debian-clang | 1.0.3 | 1.78 | 124.45 | 126.23 | OK | |
r-devel-linux-x86_64-debian-gcc | 1.0.3 | 1.52 | 80.51 | 82.03 | OK | |
r-devel-linux-x86_64-fedora-clang | 1.0.3 | 213.69 | OK | |||
r-devel-linux-x86_64-fedora-gcc | 1.0.3 | 234.63 | OK | |||
r-devel-windows-x86_64 | 1.0.3 | 2.00 | 127.00 | 129.00 | OK | |
r-patched-linux-x86_64 | 1.0.3 | 1.90 | 114.39 | 116.29 | OK | |
r-release-linux-x86_64 | 1.0.3 | 1.81 | 115.15 | 116.96 | OK | |
r-release-macos-arm64 | 1.0.3 | 60.00 | OK | |||
r-release-macos-x86_64 | 1.0.3 | 134.00 | OK | |||
r-release-windows-x86_64 | 1.0.3 | 5.00 | 126.00 | 131.00 | OK | |
r-oldrel-macos-arm64 | 1.0.3 | 55.00 | NOTE | |||
r-oldrel-macos-x86_64 | 1.0.3 | 88.00 | NOTE | |||
r-oldrel-windows-x86_64 | 1.0.3 | 3.00 | 147.00 | 150.00 | NOTE |
Version: 1.0.3
Check: LazyData
Result: NOTE
'LazyData' is specified without a 'data' directory
Flavors: r-oldrel-macos-arm64, r-oldrel-macos-x86_64, r-oldrel-windows-x86_64