Last updated on 2025-05-21 04:49:55 CEST.
Flavor | Version | Tinstall | Tcheck | Ttotal | Status | Flags |
---|---|---|---|---|---|---|
r-devel-linux-x86_64-debian-clang | 1.0.1 | 2.43 | 27.96 | 30.39 | OK | |
r-devel-linux-x86_64-debian-gcc | 1.0.1 | 1.76 | 22.36 | 24.12 | OK | |
r-devel-linux-x86_64-fedora-clang | 1.0.1 | 47.39 | OK | |||
r-devel-linux-x86_64-fedora-gcc | 1.0.1 | 45.32 | OK | |||
r-devel-windows-x86_64 | 1.0.1 | 5.00 | 54.00 | 59.00 | OK | |
r-patched-linux-x86_64 | 1.0.1 | 2.44 | 25.93 | 28.37 | OK | |
r-release-linux-x86_64 | 1.0.1 | 2.28 | 25.53 | 27.81 | OK | |
r-release-macos-arm64 | 1.0.1 | 32.00 | OK | |||
r-release-macos-x86_64 | 1.0.1 | 30.00 | OK | |||
r-release-windows-x86_64 | 1.0.1 | 5.00 | 57.00 | 62.00 | OK | |
r-oldrel-macos-arm64 | 1.0.1 | 20.00 | NOTE | |||
r-oldrel-macos-x86_64 | 1.0.1 | 27.00 | NOTE | |||
r-oldrel-windows-x86_64 | 1.0.1 | 4.00 | 53.00 | 57.00 | NOTE |
Version: 1.0.1
Check: LazyData
Result: NOTE
'LazyData' is specified without a 'data' directory
Flavors: r-oldrel-macos-arm64, r-oldrel-macos-x86_64, r-oldrel-windows-x86_64