CRAN Package Check Results for Package simputation

Last updated on 2025-05-20 03:50:25 CEST.

Flavor Version Tinstall Tcheck Ttotal Status Flags
r-devel-linux-x86_64-debian-clang 0.2.9 3.37 42.19 45.56 NOTE
r-devel-linux-x86_64-debian-gcc 0.2.9 1.95 31.38 33.33 NOTE
r-devel-linux-x86_64-fedora-clang 0.2.9 71.46 NOTE
r-devel-linux-x86_64-fedora-gcc 0.2.9 94.11 NOTE
r-devel-windows-x86_64 0.2.9 7.00 72.00 79.00 NOTE
r-patched-linux-x86_64 0.2.9 3.60 39.59 43.19 NOTE
r-release-linux-x86_64 0.2.9 3.12 40.41 43.53 NOTE
r-release-macos-arm64 0.2.9 36.00 NOTE
r-release-macos-x86_64 0.2.9 68.00 OK
r-release-windows-x86_64 0.2.9 6.00 64.00 70.00 NOTE
r-oldrel-macos-arm64 0.2.9 40.00 OK
r-oldrel-macos-x86_64 0.2.9 60.00 OK
r-oldrel-windows-x86_64 0.2.9 6.00 73.00 79.00 OK

Check Details

Version: 0.2.9
Check: DESCRIPTION meta-information
Result: NOTE Missing dependency on R >= 4.1.0 because package code uses the pipe |> or function shorthand \(...) syntax added in R 4.1.0. File(s) using such syntax: ‘glimpse_na.Rd’ Flavors: r-devel-linux-x86_64-debian-clang, r-devel-linux-x86_64-debian-gcc, r-devel-linux-x86_64-fedora-clang, r-devel-linux-x86_64-fedora-gcc, r-devel-windows-x86_64, r-patched-linux-x86_64, r-release-linux-x86_64, r-release-macos-arm64, r-release-windows-x86_64