CRAN Package Check Results for Package sbl

Last updated on 2025-05-21 04:49:54 CEST.

Flavor Version Tinstall Tcheck Ttotal Status Flags
r-devel-linux-x86_64-debian-clang 0.1.0 1.65 22.18 23.83 NOTE
r-devel-linux-x86_64-debian-gcc 0.1.0 1.43 17.94 19.37 NOTE
r-devel-linux-x86_64-fedora-clang 0.1.0 39.03 OK
r-devel-linux-x86_64-fedora-gcc 0.1.0 51.95 OK
r-devel-windows-x86_64 0.1.0 3.00 53.00 56.00 OK
r-patched-linux-x86_64 0.1.0 1.87 21.11 22.98 OK
r-release-linux-x86_64 0.1.0 1.82 21.14 22.96 OK
r-release-macos-arm64 0.1.0 42.00 OK
r-release-macos-x86_64 0.1.0 56.00 OK
r-release-windows-x86_64 0.1.0 2.00 52.00 54.00 OK
r-oldrel-macos-arm64 0.1.0 21.00 OK
r-oldrel-macos-x86_64 0.1.0 36.00 OK
r-oldrel-windows-x86_64 0.1.0 5.00 50.00 55.00 OK

Check Details

Version: 0.1.0
Check: CRAN incoming feasibility
Result: NOTE Maintainer: ‘Meiyue Wang <mwang024@ucr.edu>’ No Authors@R field in DESCRIPTION. Please add one, modifying Authors@R: c(person(given = "Meiyue", family = "Wang", role = c("aut", "cre"), email = "mwang024@ucr.edu"), person(given = "Shizhong", family = "Xu", role = "aut")) as necessary. Flavors: r-devel-linux-x86_64-debian-clang, r-devel-linux-x86_64-debian-gcc