Last updated on 2025-05-21 04:49:54 CEST.
Flavor | Version | Tinstall | Tcheck | Ttotal | Status | Flags |
---|---|---|---|---|---|---|
r-devel-linux-x86_64-debian-clang | 1.2-1 | 11.02 | 76.43 | 87.45 | NOTE | |
r-devel-linux-x86_64-debian-gcc | 1.2-1 | 6.85 | 54.22 | 61.07 | NOTE | |
r-devel-linux-x86_64-fedora-clang | 1.2-1 | 135.31 | OK | |||
r-devel-linux-x86_64-fedora-gcc | 1.2-1 | 130.68 | OK | |||
r-devel-windows-x86_64 | 1.2-1 | 11.00 | 89.00 | 100.00 | NOTE | |
r-patched-linux-x86_64 | 1.2-1 | 11.16 | 72.60 | 83.76 | NOTE | |
r-release-linux-x86_64 | 1.2-1 | 9.86 | 71.71 | 81.57 | NOTE | |
r-release-macos-arm64 | 1.2-1 | 57.00 | OK | |||
r-release-macos-x86_64 | 1.2-1 | 79.00 | OK | |||
r-release-windows-x86_64 | 1.2-1 | 11.00 | 92.00 | 103.00 | NOTE | |
r-oldrel-macos-arm64 | 1.2-1 | 55.00 | OK | |||
r-oldrel-macos-x86_64 | 1.2-1 | 72.00 | OK | |||
r-oldrel-windows-x86_64 | 1.2-1 | 16.00 | 101.00 | 117.00 | OK |
Version: 1.2-1
Check: Rd cross-references
Result: NOTE
Found the following Rd file(s) with Rd \link{} targets missing package
anchors:
mvrnormSeries.Rd: mvrnorm
Please provide package anchors for all Rd \link{} targets not in the
package itself and the base packages.
Flavors: r-devel-linux-x86_64-debian-clang, r-devel-linux-x86_64-debian-gcc, r-devel-windows-x86_64, r-patched-linux-x86_64, r-release-linux-x86_64, r-release-windows-x86_64