Last updated on 2025-05-21 04:49:53 CEST.
Flavor | Version | Tinstall | Tcheck | Ttotal | Status | Flags |
---|---|---|---|---|---|---|
r-devel-linux-x86_64-debian-clang | 1.4.2 | 3.81 | 71.07 | 74.88 | NOTE | |
r-devel-linux-x86_64-debian-gcc | 1.4.2 | 2.69 | 48.85 | 51.54 | NOTE | |
r-devel-linux-x86_64-fedora-clang | 1.4.2 | 119.47 | OK | |||
r-devel-linux-x86_64-fedora-gcc | 1.4.2 | 131.92 | OK | |||
r-devel-windows-x86_64 | 1.4.2 | 5.00 | 99.00 | 104.00 | OK | |
r-patched-linux-x86_64 | 1.4.2 | 3.95 | 66.13 | 70.08 | OK | |
r-release-linux-x86_64 | 1.4.2 | 3.66 | 67.61 | 71.27 | OK | |
r-release-macos-arm64 | 1.4.2 | 52.00 | OK | |||
r-release-macos-x86_64 | 1.4.2 | 85.00 | OK | |||
r-release-windows-x86_64 | 1.4.2 | 4.00 | 105.00 | 109.00 | OK | |
r-oldrel-macos-arm64 | 1.4.2 | 43.00 | OK | |||
r-oldrel-macos-x86_64 | 1.4.2 | 62.00 | OK | |||
r-oldrel-windows-x86_64 | 1.4.2 | 6.00 | 106.00 | 112.00 | OK |
Version: 1.4.2
Check: CRAN incoming feasibility
Result: NOTE
Maintainer: ‘Alun Thomas <Alun.Thomas@utah.edu>’
No Authors@R field in DESCRIPTION.
Please add one, modifying
Authors@R: person(given = "Alun",
family = "Thomas",
role = c("aut", "cre"),
email = "alun.thomas@utah.edu")
as necessary.
Flavors: r-devel-linux-x86_64-debian-clang, r-devel-linux-x86_64-debian-gcc