Last updated on 2025-05-21 04:49:52 CEST.
Flavor | Version | Tinstall | Tcheck | Ttotal | Status | Flags |
---|---|---|---|---|---|---|
r-devel-linux-x86_64-debian-clang | 0.1.1 | 2.35 | 29.64 | 31.99 | NOTE | |
r-devel-linux-x86_64-debian-gcc | 0.1.1 | 2.16 | 25.00 | 27.16 | NOTE | |
r-devel-linux-x86_64-fedora-clang | 0.1.1 | 50.12 | OK | |||
r-devel-linux-x86_64-fedora-gcc | 0.1.1 | 64.06 | OK | |||
r-devel-windows-x86_64 | 0.1.1 | 5.00 | 63.00 | 68.00 | OK | |
r-patched-linux-x86_64 | 0.1.1 | 2.51 | 28.76 | 31.27 | OK | |
r-release-linux-x86_64 | 0.1.1 | 2.47 | 28.77 | 31.24 | OK | |
r-release-macos-arm64 | 0.1.1 | 31.00 | OK | |||
r-release-macos-x86_64 | 0.1.1 | 51.00 | OK | |||
r-release-windows-x86_64 | 0.1.1 | 4.00 | 65.00 | 69.00 | OK | |
r-oldrel-macos-arm64 | 0.1.1 | 28.00 | OK | |||
r-oldrel-macos-x86_64 | 0.1.1 | 42.00 | OK | |||
r-oldrel-windows-x86_64 | 0.1.1 | 4.00 | 59.00 | 63.00 | OK |
Version: 0.1.1
Check: CRAN incoming feasibility
Result: NOTE
Maintainer: ‘Jeroen Ooms <jeroen@berkeley.edu>’
No Authors@R field in DESCRIPTION.
Please add one, modifying
Authors@R: c(person(given = "Jeroen",
family = "Ooms",
role = c("aut", "cre"),
email = "jeroen@berkeley.edu"),
person(given = "Forbes",
family = "Lindesay",
role = "aut"))
as necessary.
Flavors: r-devel-linux-x86_64-debian-clang, r-devel-linux-x86_64-debian-gcc