CRAN Package Check Results for Package regmed

Last updated on 2025-05-21 04:49:52 CEST.

Flavor Version Tinstall Tcheck Ttotal Status Flags
r-devel-linux-x86_64-debian-clang 2.1.0 35.48 71.75 107.23 NOTE
r-devel-linux-x86_64-debian-gcc 2.1.0 30.17 56.83 87.00 NOTE
r-devel-linux-x86_64-fedora-clang 2.1.0 189.32 NOTE
r-devel-linux-x86_64-fedora-gcc 2.1.0 204.05 NOTE
r-devel-windows-x86_64 2.1.0 48.00 129.00 177.00 NOTE
r-patched-linux-x86_64 2.1.0 42.23 74.71 116.94 NOTE
r-release-linux-x86_64 2.1.0 39.54 73.85 113.39 NOTE
r-release-macos-arm64 2.1.0 83.00 NOTE
r-release-macos-x86_64 2.1.0 119.00 NOTE
r-release-windows-x86_64 2.1.0 48.00 126.00 174.00 NOTE
r-oldrel-macos-arm64 2.1.0 74.00 NOTE
r-oldrel-macos-x86_64 2.1.0 103.00 NOTE
r-oldrel-windows-x86_64 2.1.0 53.00 138.00 191.00 NOTE

Check Details

Version: 2.1.0
Check: C++ specification
Result: NOTE Specified C++11: please drop specification unless essential Flavors: r-devel-linux-x86_64-debian-clang, r-devel-linux-x86_64-debian-gcc, r-devel-linux-x86_64-fedora-clang, r-devel-linux-x86_64-fedora-gcc, r-devel-windows-x86_64, r-patched-linux-x86_64, r-release-linux-x86_64, r-release-macos-arm64, r-release-macos-x86_64, r-release-windows-x86_64, r-oldrel-macos-arm64, r-oldrel-macos-x86_64, r-oldrel-windows-x86_64

Version: 2.1.0
Check: Rd cross-references
Result: NOTE Found the following Rd file(s) with Rd \link{} targets missing package anchors: mvregmed.graph.attributes.Rd: graph_from_edgelist Please provide package anchors for all Rd \link{} targets not in the package itself and the base packages. Flavors: r-devel-linux-x86_64-debian-clang, r-devel-linux-x86_64-debian-gcc, r-devel-windows-x86_64, r-patched-linux-x86_64, r-release-linux-x86_64, r-release-windows-x86_64