CRAN Package Check Results for Package readHAC

Last updated on 2025-05-21 04:49:51 CEST.

Flavor Version Tinstall Tcheck Ttotal Status Flags
r-devel-linux-x86_64-debian-clang 1.0 2.61 19.39 22.00 NOTE
r-devel-linux-x86_64-debian-gcc 1.0 1.74 15.79 17.53 NOTE
r-devel-linux-x86_64-fedora-clang 1.0 36.39 OK
r-devel-linux-x86_64-fedora-gcc 1.0 33.46 OK
r-devel-windows-x86_64 1.0 6.00 60.00 66.00 OK
r-patched-linux-x86_64 1.0 2.41 18.73 21.14 OK
r-release-linux-x86_64 1.0 2.45 18.77 21.22 OK
r-release-macos-arm64 1.0 17.00 OK
r-release-macos-x86_64 1.0 29.00 OK
r-release-windows-x86_64 1.0 5.00 49.00 54.00 OK
r-oldrel-macos-arm64 1.0 14.00 OK
r-oldrel-macos-x86_64 1.0 21.00 OK
r-oldrel-windows-x86_64 1.0 4.00 42.00 46.00 OK

Check Details

Version: 1.0
Check: CRAN incoming feasibility
Result: NOTE Maintainer: ‘Kasper Kristensen <kaskr@dtu.dk>’ No Authors@R field in DESCRIPTION. Please add one, modifying Authors@R: person(given = "Kasper", family = "Kristensen", role = c("aut", "cre"), email = "kaskr@dtu.dk") as necessary. Flavors: r-devel-linux-x86_64-debian-clang, r-devel-linux-x86_64-debian-gcc