CRAN Package Check Results for Package raws.profile

Last updated on 2025-05-21 04:49:51 CEST.

Flavor Version Tinstall Tcheck Ttotal Status Flags
r-devel-linux-x86_64-debian-clang 0.1.0 2.52 26.60 29.12 OK
r-devel-linux-x86_64-debian-gcc 0.1.0 2.08 21.32 23.40 OK
r-devel-linux-x86_64-fedora-clang 0.1.0 43.82 NOTE
r-devel-linux-x86_64-fedora-gcc 0.1.0 42.28 NOTE
r-devel-windows-x86_64 0.1.0 4.00 58.00 62.00 OK
r-patched-linux-x86_64 0.1.0 2.49 24.16 26.65 OK
r-release-linux-x86_64 0.1.0 2.70 24.21 26.91 OK
r-release-macos-arm64 0.1.0 22.00 OK
r-release-macos-x86_64 0.1.0 41.00 OK
r-release-windows-x86_64 0.1.0 4.00 52.00 56.00 OK
r-oldrel-macos-arm64 0.1.0 20.00 NOTE
r-oldrel-macos-x86_64 0.1.0 38.00 NOTE
r-oldrel-windows-x86_64 0.1.0 4.00 50.00 54.00 NOTE

Check Details

Version: 0.1.0
Check: dependencies in R code
Result: NOTE Namespace in Imports field not imported from: ‘withr’ All declared Imports should be used. Flavors: r-devel-linux-x86_64-fedora-clang, r-devel-linux-x86_64-fedora-gcc

Version: 0.1.0
Check: LazyData
Result: NOTE 'LazyData' is specified without a 'data' directory Flavors: r-oldrel-macos-arm64, r-oldrel-macos-x86_64, r-oldrel-windows-x86_64