CRAN Package Check Results for Package rasclass

Last updated on 2025-05-21 04:49:51 CEST.

Flavor Version Tinstall Tcheck Ttotal Status Flags
r-devel-linux-x86_64-debian-clang 0.2.2 4.86 31.25 36.11 NOTE
r-devel-linux-x86_64-debian-gcc 0.2.2 3.20 24.13 27.33 NOTE
r-devel-linux-x86_64-fedora-clang 0.2.2 56.28 OK
r-devel-linux-x86_64-fedora-gcc 0.2.2 55.55 OK
r-devel-windows-x86_64 0.2.2 7.00 57.00 64.00 NOTE
r-patched-linux-x86_64 0.2.2 5.13 29.71 34.84 NOTE
r-release-linux-x86_64 0.2.2 4.25 29.89 34.14 NOTE
r-release-macos-arm64 0.2.2 22.00 OK
r-release-macos-x86_64 0.2.2 34.00 OK
r-release-windows-x86_64 0.2.2 7.00 61.00 68.00 NOTE
r-oldrel-macos-arm64 0.2.2 22.00 OK
r-oldrel-macos-x86_64 0.2.2 29.00 OK
r-oldrel-windows-x86_64 0.2.2 8.00 61.00 69.00 OK

Check Details

Version: 0.2.2
Check: CRAN incoming feasibility
Result: NOTE Maintainer: ‘Daniel Wiesmann <daniel.wiesmann@tecnico.ulisboa.pt>’ No Authors@R field in DESCRIPTION. Please add one, modifying Authors@R: c(person(given = "Daniel", family = "Wiesmann", role = c("aut", "cre"), email = "daniel.wiesmann@tecnico.ulisboa.pt"), person(given = "David", family = "Quinn", role = "aut", email = "djq@urbmet.com")) as necessary. Flavors: r-devel-linux-x86_64-debian-clang, r-devel-linux-x86_64-debian-gcc

Version: 0.2.2
Check: Rd cross-references
Result: NOTE Found the following Rd file(s) with Rd \link{} targets missing package anchors: rasclass-class.Rd: randomForest, multinom, mlp, svm Please provide package anchors for all Rd \link{} targets not in the package itself and the base packages. Flavors: r-devel-linux-x86_64-debian-clang, r-devel-linux-x86_64-debian-gcc, r-devel-windows-x86_64, r-patched-linux-x86_64, r-release-linux-x86_64, r-release-windows-x86_64